{"id":806,"date":"2024-08-12T10:05:30","date_gmt":"2024-08-12T13:05:30","guid":{"rendered":"https:\/\/tocchini.com.br\/?page_id=806"},"modified":"2025-01-21T17:17:48","modified_gmt":"2025-01-21T20:17:48","slug":"aposentadoria-auxilio-doenca-e-outros-beneficios-previdenciarios","status":"publish","type":"page","link":"https:\/\/tocchini.com.br\/index.php\/aposentadoria-auxilio-doenca-e-outros-beneficios-previdenciarios\/","title":{"rendered":"APOSENTADORIA, AUX\u00cdLIO-DOEN\u00c7A E OUTROS BENEF\u00cdCIOS PREVIDENCI\u00c1RIOS"},"content":{"rendered":"<p><img loading=\"lazy\" decoding=\"async\" class=\"alignleft size-full wp-image-807\" src=\"https:\/\/tocchini.com.br\/wp-content\/uploads\/2024\/08\/aposentadoria-auxio-doenca-e-outros-beneficios-previdenciarios-tocchini.jpg\" alt=\"\" width=\"1500\" height=\"450\" srcset=\"https:\/\/tocchini.com.br\/wp-content\/uploads\/2024\/08\/aposentadoria-auxio-doenca-e-outros-beneficios-previdenciarios-tocchini.jpg 1500w, https:\/\/tocchini.com.br\/wp-content\/uploads\/2024\/08\/aposentadoria-auxio-doenca-e-outros-beneficios-previdenciarios-tocchini-300x90.jpg 300w, https:\/\/tocchini.com.br\/wp-content\/uploads\/2024\/08\/aposentadoria-auxio-doenca-e-outros-beneficios-previdenciarios-tocchini-1030x309.jpg 1030w, https:\/\/tocchini.com.br\/wp-content\/uploads\/2024\/08\/aposentadoria-auxio-doenca-e-outros-beneficios-previdenciarios-tocchini-768x230.jpg 768w, https:\/\/tocchini.com.br\/wp-content\/uploads\/2024\/08\/aposentadoria-auxio-doenca-e-outros-beneficios-previdenciarios-tocchini-705x212.jpg 705w\" sizes=\"auto, (max-width: 1500px) 100vw, 1500px\" \/><\/p>\n<hr \/>\n<div align=\"justify\">\n<p><span style=\"font-weight: 400;\">Ajudamos nossos clientes a navegar pelo complexo sistema previdenci\u00e1rio brasileiro, oferecendo assessoria especializada em aposentadoria, aux\u00edlio-doen\u00e7a, pens\u00e3o por morte e outros benef\u00edcios previdenci\u00e1rios. Nossa equipe tem um profundo conhecimento das regras e procedimentos do INSS, permitindo-nos fornecer orienta\u00e7\u00e3o precisa e estrat\u00e9gica para maximizar os benef\u00edcios dos segurados. Desde o planejamento previdenci\u00e1rio at\u00e9 a solicita\u00e7\u00e3o de benef\u00edcios, estamos ao lado de nossos clientes em cada etapa do processo.<\/span><\/p>\n<\/div>\n<hr \/>\n<div  class='avia-button-wrap avia-button-center  avia-builder-el-0  avia-builder-el-no-sibling '>\n<style type=\"text\/css\" data-created_by=\"avia_inline_auto\" id=\"style-css-av-b74in-fa94bb896f9dd3adc43cf3648c5f786a\">\n#top #wrap_all .avia-button.av-b74in-fa94bb896f9dd3adc43cf3648c5f786a:hover{\ncolor:white;\ntransition:all 0.4s ease-in-out;\n}\n<\/style>\n<a href='https:\/\/tocchini.com.br\/index.php\/consulta-online\/' class='avia-color-theme-color avia-font-color-theme-color avia-button avia-button-fullwidth av-b74in-fa94bb896f9dd3adc43cf3648c5f786a avia-icon_select-yes-left-icon avia-color-theme-color'  target=\"_blank\"  rel=\"noopener noreferrer\" ><span class='avia_button_icon avia_button_icon_left' aria-hidden='true' data-av_icon='\ue832' data-av_iconfont='entypo-fontello'><\/span><span class='avia_iconbox_title' >FALE CONOSCO AGORA<\/span><span class='avia_button_background avia-button avia-button-fullwidth avia-color-theme-color-highlight'><\/span><\/a><\/div>\n","protected":false},"excerpt":{"rendered":"<p>Ajudamos nossos clientes a navegar pelo complexo sistema previdenci\u00e1rio brasileiro, oferecendo assessoria especializada em aposentadoria, aux\u00edlio-doen\u00e7a, pens\u00e3o por morte e outros benef\u00edcios previdenci\u00e1rios. Nossa equipe tem um profundo conhecimento das regras e procedimentos do INSS, permitindo-nos fornecer orienta\u00e7\u00e3o precisa e estrat\u00e9gica para maximizar os benef\u00edcios dos segurados. Desde o planejamento previdenci\u00e1rio at\u00e9 a solicita\u00e7\u00e3o de [&hellip;]<\/p>\n","protected":false},"author":1,"featured_media":0,"parent":0,"menu_order":0,"comment_status":"closed","ping_status":"closed","template":"","meta":{"footnotes":""},"class_list":["post-806","page","type-page","status-publish","hentry"],"_links":{"self":[{"href":"https:\/\/tocchini.com.br\/index.php\/wp-json\/wp\/v2\/pages\/806","targetHints":{"allow":["GET"]}}],"collection":[{"href":"https:\/\/tocchini.com.br\/index.php\/wp-json\/wp\/v2\/pages"}],"about":[{"href":"https:\/\/tocchini.com.br\/index.php\/wp-json\/wp\/v2\/types\/page"}],"author":[{"embeddable":true,"href":"https:\/\/tocchini.com.br\/index.php\/wp-json\/wp\/v2\/users\/1"}],"replies":[{"embeddable":true,"href":"https:\/\/tocchini.com.br\/index.php\/wp-json\/wp\/v2\/comments?post=806"}],"version-history":[{"count":2,"href":"https:\/\/tocchini.com.br\/index.php\/wp-json\/wp\/v2\/pages\/806\/revisions"}],"predecessor-version":[{"id":977,"href":"https:\/\/tocchini.com.br\/index.php\/wp-json\/wp\/v2\/pages\/806\/revisions\/977"}],"wp:attachment":[{"href":"https:\/\/tocchini.com.br\/index.php\/wp-json\/wp\/v2\/media?parent=806"}],"curies":[{"name":"wp","href":"https:\/\/api.w.org\/{rel}","templated":true}]}}