{"id":764,"date":"2024-08-08T15:12:56","date_gmt":"2024-08-08T18:12:56","guid":{"rendered":"https:\/\/tocchini.com.br\/?page_id=764"},"modified":"2024-08-08T15:12:56","modified_gmt":"2024-08-08T18:12:56","slug":"protecao-de-direitos-autorais-e-propriedade-intelectual","status":"publish","type":"page","link":"https:\/\/tocchini.com.br\/index.php\/protecao-de-direitos-autorais-e-propriedade-intelectual\/","title":{"rendered":"PROTE\u00c7\u00c3O DE DIREITOS AUTORAIS E PROPRIEDADE INTELECTUAL"},"content":{"rendered":"<p><img loading=\"lazy\" decoding=\"async\" src=\"https:\/\/tocchini.com.br\/wp-content\/uploads\/2024\/08\/protecao-de-direitos-autorais-e-propriedade-intelectual-tocchini.jpg\" alt=\"\" width=\"1500\" height=\"450\" class=\"alignleft size-full wp-image-765\" srcset=\"https:\/\/tocchini.com.br\/wp-content\/uploads\/2024\/08\/protecao-de-direitos-autorais-e-propriedade-intelectual-tocchini.jpg 1500w, https:\/\/tocchini.com.br\/wp-content\/uploads\/2024\/08\/protecao-de-direitos-autorais-e-propriedade-intelectual-tocchini-300x90.jpg 300w, https:\/\/tocchini.com.br\/wp-content\/uploads\/2024\/08\/protecao-de-direitos-autorais-e-propriedade-intelectual-tocchini-1030x309.jpg 1030w, https:\/\/tocchini.com.br\/wp-content\/uploads\/2024\/08\/protecao-de-direitos-autorais-e-propriedade-intelectual-tocchini-768x230.jpg 768w, https:\/\/tocchini.com.br\/wp-content\/uploads\/2024\/08\/protecao-de-direitos-autorais-e-propriedade-intelectual-tocchini-705x212.jpg 705w\" sizes=\"auto, (max-width: 1500px) 100vw, 1500px\" \/><\/p>\n<hr \/>\n<div align=\"justify\">A prote\u00e7\u00e3o da propriedade intelectual \u00e9 fundamental no setor de marketing e comunica\u00e7\u00e3o, onde a cria\u00e7\u00e3o e a inova\u00e7\u00e3o s\u00e3o ativos valiosos. Nossa equipe especializada em direitos autorais e propriedade intelectual oferece uma assessoria completa para garantir que as obras, campanhas e conte\u00fados de nossos clientes estejam devidamente protegidos contra uso indevido ou apropria\u00e7\u00e3o. Isso inclui o registro de direitos autorais, a negocia\u00e7\u00e3o de licen\u00e7as e a defesa ativa dos direitos de propriedade intelectual em situa\u00e7\u00f5es de infra\u00e7\u00e3o.<\/div>\n<hr \/>\n<div  class='avia-button-wrap avia-button-center  avia-builder-el-0  avia-builder-el-no-sibling '>\n<style type=\"text\/css\" data-created_by=\"avia_inline_auto\" id=\"style-css-av-b74in-fa94bb896f9dd3adc43cf3648c5f786a\">\n#top #wrap_all .avia-button.av-b74in-fa94bb896f9dd3adc43cf3648c5f786a:hover{\ncolor:white;\ntransition:all 0.4s ease-in-out;\n}\n<\/style>\n<a href='https:\/\/tocchini.com.br\/index.php\/consulta-online\/' class='avia-color-theme-color avia-font-color-theme-color avia-button avia-button-fullwidth av-b74in-fa94bb896f9dd3adc43cf3648c5f786a avia-icon_select-yes-left-icon avia-color-theme-color'  target=\"_blank\"  rel=\"noopener noreferrer\" ><span class='avia_button_icon avia_button_icon_left' aria-hidden='true' data-av_icon='\ue832' data-av_iconfont='entypo-fontello'><\/span><span class='avia_iconbox_title' >FALE CONOSCO AGORA<\/span><span class='avia_button_background avia-button avia-button-fullwidth avia-color-theme-color-highlight'><\/span><\/a><\/div>\n","protected":false},"excerpt":{"rendered":"<p>A prote\u00e7\u00e3o da propriedade intelectual \u00e9 fundamental no setor de marketing e comunica\u00e7\u00e3o, onde a cria\u00e7\u00e3o e a inova\u00e7\u00e3o s\u00e3o ativos valiosos. Nossa equipe especializada em direitos autorais e propriedade intelectual oferece uma assessoria completa para garantir que as obras, campanhas e conte\u00fados de nossos clientes estejam devidamente protegidos contra uso indevido ou apropria\u00e7\u00e3o. Isso [&hellip;]<\/p>\n","protected":false},"author":1,"featured_media":0,"parent":0,"menu_order":0,"comment_status":"closed","ping_status":"closed","template":"","meta":{"footnotes":""},"class_list":["post-764","page","type-page","status-publish","hentry"],"_links":{"self":[{"href":"https:\/\/tocchini.com.br\/index.php\/wp-json\/wp\/v2\/pages\/764","targetHints":{"allow":["GET"]}}],"collection":[{"href":"https:\/\/tocchini.com.br\/index.php\/wp-json\/wp\/v2\/pages"}],"about":[{"href":"https:\/\/tocchini.com.br\/index.php\/wp-json\/wp\/v2\/types\/page"}],"author":[{"embeddable":true,"href":"https:\/\/tocchini.com.br\/index.php\/wp-json\/wp\/v2\/users\/1"}],"replies":[{"embeddable":true,"href":"https:\/\/tocchini.com.br\/index.php\/wp-json\/wp\/v2\/comments?post=764"}],"version-history":[{"count":1,"href":"https:\/\/tocchini.com.br\/index.php\/wp-json\/wp\/v2\/pages\/764\/revisions"}],"predecessor-version":[{"id":766,"href":"https:\/\/tocchini.com.br\/index.php\/wp-json\/wp\/v2\/pages\/764\/revisions\/766"}],"wp:attachment":[{"href":"https:\/\/tocchini.com.br\/index.php\/wp-json\/wp\/v2\/media?parent=764"}],"curies":[{"name":"wp","href":"https:\/\/api.w.org\/{rel}","templated":true}]}}