{"id":681,"date":"2024-08-05T19:31:42","date_gmt":"2024-08-05T22:31:42","guid":{"rendered":"https:\/\/tocchini.com.br\/?page_id=681"},"modified":"2024-08-05T19:31:42","modified_gmt":"2024-08-05T22:31:42","slug":"erro-medico","status":"publish","type":"page","link":"https:\/\/tocchini.com.br\/index.php\/erro-medico\/","title":{"rendered":"ERRO M\u00c9DICO"},"content":{"rendered":"<p><img loading=\"lazy\" decoding=\"async\" src=\"https:\/\/tocchini.com.br\/wp-content\/uploads\/2024\/08\/erro-medico-tocchini.jpg\" alt=\"\" width=\"1500\" height=\"450\" class=\"alignleft size-full wp-image-682\" srcset=\"https:\/\/tocchini.com.br\/wp-content\/uploads\/2024\/08\/erro-medico-tocchini.jpg 1500w, https:\/\/tocchini.com.br\/wp-content\/uploads\/2024\/08\/erro-medico-tocchini-300x90.jpg 300w, https:\/\/tocchini.com.br\/wp-content\/uploads\/2024\/08\/erro-medico-tocchini-1030x309.jpg 1030w, https:\/\/tocchini.com.br\/wp-content\/uploads\/2024\/08\/erro-medico-tocchini-768x230.jpg 768w, https:\/\/tocchini.com.br\/wp-content\/uploads\/2024\/08\/erro-medico-tocchini-705x212.jpg 705w\" sizes=\"auto, (max-width: 1500px) 100vw, 1500px\" \/><\/p>\n<hr \/>\n<div align=\"justify\">Nossa atua\u00e7\u00e3o em casos de erro m\u00e9dico \u00e9 baseada em uma compreens\u00e3o profunda tanto da medicina quanto do direito. Atrav\u00e9s de uma an\u00e1lise meticulosa dos fatos, aliada ao suporte de peritos m\u00e9dicos de renome, desenvolvemos defesas precisas e fundamentadas. Reconhecemos o impacto significativo que acusa\u00e7\u00f5es de erro m\u00e9dico podem ter na carreira e na vida pessoal de um profissional da sa\u00fade, portanto, nosso objetivo \u00e9 n\u00e3o apenas proteger seus direitos legais, mas tamb\u00e9m sua reputa\u00e7\u00e3o e sua capacidade de continuar a praticar medicina com confian\u00e7a.\n<\/div>\n<hr \/>\n<div  class='avia-button-wrap avia-button-center  avia-builder-el-0  avia-builder-el-no-sibling '>\n<style type=\"text\/css\" data-created_by=\"avia_inline_auto\" id=\"style-css-av-b74in-fa94bb896f9dd3adc43cf3648c5f786a\">\n#top #wrap_all .avia-button.av-b74in-fa94bb896f9dd3adc43cf3648c5f786a:hover{\ncolor:white;\ntransition:all 0.4s ease-in-out;\n}\n<\/style>\n<a href='https:\/\/tocchini.com.br\/index.php\/consulta-online\/' class='avia-color-theme-color avia-font-color-theme-color avia-button avia-button-fullwidth av-b74in-fa94bb896f9dd3adc43cf3648c5f786a avia-icon_select-yes-left-icon avia-color-theme-color'  target=\"_blank\"  rel=\"noopener noreferrer\" ><span class='avia_button_icon avia_button_icon_left' aria-hidden='true' data-av_icon='\ue832' data-av_iconfont='entypo-fontello'><\/span><span class='avia_iconbox_title' >FALE CONOSCO AGORA<\/span><span class='avia_button_background avia-button avia-button-fullwidth avia-color-theme-color-highlight'><\/span><\/a><\/div>\n","protected":false},"excerpt":{"rendered":"<p>Nossa atua\u00e7\u00e3o em casos de erro m\u00e9dico \u00e9 baseada em uma compreens\u00e3o profunda tanto da medicina quanto do direito. Atrav\u00e9s de uma an\u00e1lise meticulosa dos fatos, aliada ao suporte de peritos m\u00e9dicos de renome, desenvolvemos defesas precisas e fundamentadas. Reconhecemos o impacto significativo que acusa\u00e7\u00f5es de erro m\u00e9dico podem ter na carreira e na vida [&hellip;]<\/p>\n","protected":false},"author":1,"featured_media":0,"parent":0,"menu_order":0,"comment_status":"closed","ping_status":"closed","template":"","meta":{"footnotes":""},"class_list":["post-681","page","type-page","status-publish","hentry"],"_links":{"self":[{"href":"https:\/\/tocchini.com.br\/index.php\/wp-json\/wp\/v2\/pages\/681","targetHints":{"allow":["GET"]}}],"collection":[{"href":"https:\/\/tocchini.com.br\/index.php\/wp-json\/wp\/v2\/pages"}],"about":[{"href":"https:\/\/tocchini.com.br\/index.php\/wp-json\/wp\/v2\/types\/page"}],"author":[{"embeddable":true,"href":"https:\/\/tocchini.com.br\/index.php\/wp-json\/wp\/v2\/users\/1"}],"replies":[{"embeddable":true,"href":"https:\/\/tocchini.com.br\/index.php\/wp-json\/wp\/v2\/comments?post=681"}],"version-history":[{"count":1,"href":"https:\/\/tocchini.com.br\/index.php\/wp-json\/wp\/v2\/pages\/681\/revisions"}],"predecessor-version":[{"id":683,"href":"https:\/\/tocchini.com.br\/index.php\/wp-json\/wp\/v2\/pages\/681\/revisions\/683"}],"wp:attachment":[{"href":"https:\/\/tocchini.com.br\/index.php\/wp-json\/wp\/v2\/media?parent=681"}],"curies":[{"name":"wp","href":"https:\/\/api.w.org\/{rel}","templated":true}]}}