{"id":645,"date":"2024-08-02T12:43:06","date_gmt":"2024-08-02T15:43:06","guid":{"rendered":"https:\/\/tocchini.com.br\/?page_id=645"},"modified":"2025-02-07T14:44:29","modified_gmt":"2025-02-07T17:44:29","slug":"registro-de-imoveis-em-cartorio","status":"publish","type":"page","link":"https:\/\/tocchini.com.br\/index.php\/registro-de-imoveis-em-cartorio\/","title":{"rendered":"REGISTRO DE IM\u00d3VEIS EM CART\u00d3RIO"},"content":{"rendered":"<p><img loading=\"lazy\" decoding=\"async\" class=\"alignleft size-full wp-image-646\" src=\"https:\/\/tocchini.com.br\/wp-content\/uploads\/2024\/08\/registro-de-imoveis-em-cartorio-tocchini.jpg\" alt=\"\" width=\"1500\" height=\"450\" srcset=\"https:\/\/tocchini.com.br\/wp-content\/uploads\/2024\/08\/registro-de-imoveis-em-cartorio-tocchini.jpg 1500w, https:\/\/tocchini.com.br\/wp-content\/uploads\/2024\/08\/registro-de-imoveis-em-cartorio-tocchini-300x90.jpg 300w, https:\/\/tocchini.com.br\/wp-content\/uploads\/2024\/08\/registro-de-imoveis-em-cartorio-tocchini-1030x309.jpg 1030w, https:\/\/tocchini.com.br\/wp-content\/uploads\/2024\/08\/registro-de-imoveis-em-cartorio-tocchini-768x230.jpg 768w, https:\/\/tocchini.com.br\/wp-content\/uploads\/2024\/08\/registro-de-imoveis-em-cartorio-tocchini-705x212.jpg 705w\" sizes=\"auto, (max-width: 1500px) 100vw, 1500px\" \/><\/p>\n<hr \/>\n<div align=\"justify\"><span style=\"font-weight: 400;\">Na orienta\u00e7\u00e3o sobre o registro de im\u00f3veis em cart\u00f3rio, nossa equipe se destaca pela capacidade de simplificar procedimentos complexos, garantindo que os clientes compreendam cada etapa do processo. Trabalhamos de forma proativa para identificar e resolver poss\u00edveis obst\u00e1culos antes que se tornem problemas, assegurando que o registro seja conduzido de maneira eficiente e que os direitos de propriedade estejam devidamente protegidos. Al\u00e9m disso, aplicamos nossa vis\u00e3o estrat\u00e9gica para identificar solu\u00e7\u00f5es personalizadas e antecipar quest\u00f5es que possam surgir, promovendo um registro tranquilo e seguro.<\/span><\/div>\n<hr \/>\n<div  class='avia-button-wrap avia-button-center  avia-builder-el-0  avia-builder-el-no-sibling '>\n<style type=\"text\/css\" data-created_by=\"avia_inline_auto\" id=\"style-css-av-b74in-fa94bb896f9dd3adc43cf3648c5f786a\">\n#top #wrap_all .avia-button.av-b74in-fa94bb896f9dd3adc43cf3648c5f786a:hover{\ncolor:white;\ntransition:all 0.4s ease-in-out;\n}\n<\/style>\n<a href='https:\/\/tocchini.com.br\/index.php\/consulta-online\/' class='avia-color-theme-color avia-font-color-theme-color avia-button avia-button-fullwidth av-b74in-fa94bb896f9dd3adc43cf3648c5f786a avia-icon_select-yes-left-icon avia-color-theme-color'  target=\"_blank\"  rel=\"noopener noreferrer\" ><span class='avia_button_icon avia_button_icon_left' aria-hidden='true' data-av_icon='\ue832' data-av_iconfont='entypo-fontello'><\/span><span class='avia_iconbox_title' >FALE CONOSCO AGORA<\/span><span class='avia_button_background avia-button avia-button-fullwidth avia-color-theme-color-highlight'><\/span><\/a><\/div>\n","protected":false},"excerpt":{"rendered":"<p>Na orienta\u00e7\u00e3o sobre o registro de im\u00f3veis em cart\u00f3rio, nossa equipe se destaca pela capacidade de simplificar procedimentos complexos, garantindo que os clientes compreendam cada etapa do processo. Trabalhamos de forma proativa para identificar e resolver poss\u00edveis obst\u00e1culos antes que se tornem problemas, assegurando que o registro seja conduzido de maneira eficiente e que os [&hellip;]<\/p>\n","protected":false},"author":1,"featured_media":0,"parent":0,"menu_order":0,"comment_status":"closed","ping_status":"closed","template":"","meta":{"footnotes":""},"class_list":["post-645","page","type-page","status-publish","hentry"],"_links":{"self":[{"href":"https:\/\/tocchini.com.br\/index.php\/wp-json\/wp\/v2\/pages\/645","targetHints":{"allow":["GET"]}}],"collection":[{"href":"https:\/\/tocchini.com.br\/index.php\/wp-json\/wp\/v2\/pages"}],"about":[{"href":"https:\/\/tocchini.com.br\/index.php\/wp-json\/wp\/v2\/types\/page"}],"author":[{"embeddable":true,"href":"https:\/\/tocchini.com.br\/index.php\/wp-json\/wp\/v2\/users\/1"}],"replies":[{"embeddable":true,"href":"https:\/\/tocchini.com.br\/index.php\/wp-json\/wp\/v2\/comments?post=645"}],"version-history":[{"count":2,"href":"https:\/\/tocchini.com.br\/index.php\/wp-json\/wp\/v2\/pages\/645\/revisions"}],"predecessor-version":[{"id":1007,"href":"https:\/\/tocchini.com.br\/index.php\/wp-json\/wp\/v2\/pages\/645\/revisions\/1007"}],"wp:attachment":[{"href":"https:\/\/tocchini.com.br\/index.php\/wp-json\/wp\/v2\/media?parent=645"}],"curies":[{"name":"wp","href":"https:\/\/api.w.org\/{rel}","templated":true}]}}