{"id":632,"date":"2024-08-02T12:35:19","date_gmt":"2024-08-02T15:35:19","guid":{"rendered":"https:\/\/tocchini.com.br\/?page_id=632"},"modified":"2025-02-07T14:58:47","modified_gmt":"2025-02-07T17:58:47","slug":"regularizacao-de-posse-por-usucapiao-judicial-e-extrajudicial","status":"publish","type":"page","link":"https:\/\/tocchini.com.br\/index.php\/regularizacao-de-posse-por-usucapiao-judicial-e-extrajudicial\/","title":{"rendered":"REGULARIZA\u00c7\u00c3O DE POSSE POR USUCAPI\u00c3O, JUDICIAL E EXTRAJUDICIAL"},"content":{"rendered":"<p><img loading=\"lazy\" decoding=\"async\" class=\"alignleft size-full wp-image-633\" src=\"https:\/\/tocchini.com.br\/wp-content\/uploads\/2024\/08\/regularizacao-de-posse-por-usucapiao-judicial-e-extrajudicial-tocchini.jpg\" alt=\"\" width=\"1500\" height=\"450\" srcset=\"https:\/\/tocchini.com.br\/wp-content\/uploads\/2024\/08\/regularizacao-de-posse-por-usucapiao-judicial-e-extrajudicial-tocchini.jpg 1500w, https:\/\/tocchini.com.br\/wp-content\/uploads\/2024\/08\/regularizacao-de-posse-por-usucapiao-judicial-e-extrajudicial-tocchini-300x90.jpg 300w, https:\/\/tocchini.com.br\/wp-content\/uploads\/2024\/08\/regularizacao-de-posse-por-usucapiao-judicial-e-extrajudicial-tocchini-1030x309.jpg 1030w, https:\/\/tocchini.com.br\/wp-content\/uploads\/2024\/08\/regularizacao-de-posse-por-usucapiao-judicial-e-extrajudicial-tocchini-768x230.jpg 768w, https:\/\/tocchini.com.br\/wp-content\/uploads\/2024\/08\/regularizacao-de-posse-por-usucapiao-judicial-e-extrajudicial-tocchini-705x212.jpg 705w\" sizes=\"auto, (max-width: 1500px) 100vw, 1500px\" \/><\/p>\n<hr \/>\n<div align=\"justify\">\n<p><span style=\"font-weight: 400;\">Na regulariza\u00e7\u00e3o de posse por usucapi\u00e3o, nossa equipe \u00e9 especializada em guiar os clientes por esse processo de forma clara, acess\u00edvel e estrat\u00e9gica. Trabalhamos para simplificar os procedimentos legais, garantindo que os clientes compreendam todas as etapas e op\u00e7\u00f5es dispon\u00edveis, seja por via judicial ou extrajudicial. Nossa experi\u00eancia demonstra que a usucapi\u00e3o extrajudicial, muitas vezes, oferece uma solu\u00e7\u00e3o mais \u00e1gil e menos contenciosa, e nosso objetivo \u00e9 maximizar as chances de sucesso no reconhecimento da propriedade ao identificar a abordagem mais eficiente para cada caso.<\/span><\/p>\n<\/div>\n<hr \/>\n<div  class='avia-button-wrap avia-button-center  avia-builder-el-0  avia-builder-el-no-sibling '>\n<style type=\"text\/css\" data-created_by=\"avia_inline_auto\" id=\"style-css-av-b74in-fa94bb896f9dd3adc43cf3648c5f786a\">\n#top #wrap_all .avia-button.av-b74in-fa94bb896f9dd3adc43cf3648c5f786a:hover{\ncolor:white;\ntransition:all 0.4s ease-in-out;\n}\n<\/style>\n<a href='https:\/\/tocchini.com.br\/index.php\/consulta-online\/' class='avia-color-theme-color avia-font-color-theme-color avia-button avia-button-fullwidth av-b74in-fa94bb896f9dd3adc43cf3648c5f786a avia-icon_select-yes-left-icon avia-color-theme-color'  target=\"_blank\"  rel=\"noopener noreferrer\" ><span class='avia_button_icon avia_button_icon_left' aria-hidden='true' data-av_icon='\ue832' data-av_iconfont='entypo-fontello'><\/span><span class='avia_iconbox_title' >FALE CONOSCO AGORA<\/span><span class='avia_button_background avia-button avia-button-fullwidth avia-color-theme-color-highlight'><\/span><\/a><\/div>\n","protected":false},"excerpt":{"rendered":"<p>Na regulariza\u00e7\u00e3o de posse por usucapi\u00e3o, nossa equipe \u00e9 especializada em guiar os clientes por esse processo de forma clara, acess\u00edvel e estrat\u00e9gica. Trabalhamos para simplificar os procedimentos legais, garantindo que os clientes compreendam todas as etapas e op\u00e7\u00f5es dispon\u00edveis, seja por via judicial ou extrajudicial. Nossa experi\u00eancia demonstra que a usucapi\u00e3o extrajudicial, muitas vezes, [&hellip;]<\/p>\n","protected":false},"author":1,"featured_media":0,"parent":0,"menu_order":0,"comment_status":"closed","ping_status":"closed","template":"","meta":{"footnotes":""},"class_list":["post-632","page","type-page","status-publish","hentry"],"_links":{"self":[{"href":"https:\/\/tocchini.com.br\/index.php\/wp-json\/wp\/v2\/pages\/632","targetHints":{"allow":["GET"]}}],"collection":[{"href":"https:\/\/tocchini.com.br\/index.php\/wp-json\/wp\/v2\/pages"}],"about":[{"href":"https:\/\/tocchini.com.br\/index.php\/wp-json\/wp\/v2\/types\/page"}],"author":[{"embeddable":true,"href":"https:\/\/tocchini.com.br\/index.php\/wp-json\/wp\/v2\/users\/1"}],"replies":[{"embeddable":true,"href":"https:\/\/tocchini.com.br\/index.php\/wp-json\/wp\/v2\/comments?post=632"}],"version-history":[{"count":2,"href":"https:\/\/tocchini.com.br\/index.php\/wp-json\/wp\/v2\/pages\/632\/revisions"}],"predecessor-version":[{"id":1011,"href":"https:\/\/tocchini.com.br\/index.php\/wp-json\/wp\/v2\/pages\/632\/revisions\/1011"}],"wp:attachment":[{"href":"https:\/\/tocchini.com.br\/index.php\/wp-json\/wp\/v2\/media?parent=632"}],"curies":[{"name":"wp","href":"https:\/\/api.w.org\/{rel}","templated":true}]}}