{"id":560,"date":"2024-07-31T20:36:08","date_gmt":"2024-07-31T23:36:08","guid":{"rendered":"https:\/\/tocchini.com.br\/?page_id=560"},"modified":"2024-07-31T20:36:08","modified_gmt":"2024-07-31T23:36:08","slug":"implementacao-de-praticas-de-esg-em-empresas","status":"publish","type":"page","link":"https:\/\/tocchini.com.br\/index.php\/implementacao-de-praticas-de-esg-em-empresas\/","title":{"rendered":"IMPLEMENTA\u00c7\u00c3O DE PR\u00c1TICAS DE ESG EM EMPRESAS"},"content":{"rendered":"<p><img loading=\"lazy\" decoding=\"async\" src=\"https:\/\/tocchini.com.br\/wp-content\/uploads\/2024\/07\/implementacao-de-praticas-de-ESG-em-empresas.jpg\" alt=\"\" width=\"1500\" height=\"450\" class=\"alignleft size-full wp-image-561\" srcset=\"https:\/\/tocchini.com.br\/wp-content\/uploads\/2024\/07\/implementacao-de-praticas-de-ESG-em-empresas.jpg 1500w, https:\/\/tocchini.com.br\/wp-content\/uploads\/2024\/07\/implementacao-de-praticas-de-ESG-em-empresas-300x90.jpg 300w, https:\/\/tocchini.com.br\/wp-content\/uploads\/2024\/07\/implementacao-de-praticas-de-ESG-em-empresas-1030x309.jpg 1030w, https:\/\/tocchini.com.br\/wp-content\/uploads\/2024\/07\/implementacao-de-praticas-de-ESG-em-empresas-768x230.jpg 768w, https:\/\/tocchini.com.br\/wp-content\/uploads\/2024\/07\/implementacao-de-praticas-de-ESG-em-empresas-705x212.jpg 705w\" sizes=\"auto, (max-width: 1500px) 100vw, 1500px\" \/><\/p>\n<hr \/>\n<div align=\"justify\">Voc\u00ea lidera a implementa\u00e7\u00e3o de pr\u00e1ticas de ESG, reconhecendo que uma gest\u00e3o eficaz nessas \u00e1reas pode ser um diferencial competitivo significativo para as empresas. Sua vis\u00e3o estrat\u00e9gica \u00e9 instrumental na identifica\u00e7\u00e3o de \u00e1reas onde a implementa\u00e7\u00e3o de pr\u00e1ticas ambientais, sociais e de governan\u00e7a pode trazer os maiores benef\u00edcios. Seja na redu\u00e7\u00e3o da pegada ambiental, no fomento de um ambiente de trabalho justo e inclusivo, ou na garantia de uma gest\u00e3o \u00e9tica e transparente, voc\u00ea orienta as empresas na integra\u00e7\u00e3o dessas pr\u00e1ticas em suas opera\u00e7\u00f5es cotidianas. Sua experi\u00eancia proporciona uma compreens\u00e3o abrangente dos desafios e das oportunidades, permitindo que voc\u00ea ofere\u00e7a solu\u00e7\u00f5es inovadoras e pr\u00e1ticas.<\/div>\n<hr \/>\n<div  class='avia-button-wrap avia-button-center  avia-builder-el-0  avia-builder-el-no-sibling '>\n<style type=\"text\/css\" data-created_by=\"avia_inline_auto\" id=\"style-css-av-b74in-fa94bb896f9dd3adc43cf3648c5f786a\">\n#top #wrap_all .avia-button.av-b74in-fa94bb896f9dd3adc43cf3648c5f786a:hover{\ncolor:white;\ntransition:all 0.4s ease-in-out;\n}\n<\/style>\n<a href='https:\/\/tocchini.com.br\/index.php\/consulta-online\/' class='avia-color-theme-color avia-font-color-theme-color avia-button avia-button-fullwidth av-b74in-fa94bb896f9dd3adc43cf3648c5f786a avia-icon_select-yes-left-icon avia-color-theme-color'  target=\"_blank\"  rel=\"noopener noreferrer\" ><span class='avia_button_icon avia_button_icon_left' aria-hidden='true' data-av_icon='\ue832' data-av_iconfont='entypo-fontello'><\/span><span class='avia_iconbox_title' >FALE CONOSCO AGORA<\/span><span class='avia_button_background avia-button avia-button-fullwidth avia-color-theme-color-highlight'><\/span><\/a><\/div>\n","protected":false},"excerpt":{"rendered":"<p>Voc\u00ea lidera a implementa\u00e7\u00e3o de pr\u00e1ticas de ESG, reconhecendo que uma gest\u00e3o eficaz nessas \u00e1reas pode ser um diferencial competitivo significativo para as empresas. Sua vis\u00e3o estrat\u00e9gica \u00e9 instrumental na identifica\u00e7\u00e3o de \u00e1reas onde a implementa\u00e7\u00e3o de pr\u00e1ticas ambientais, sociais e de governan\u00e7a pode trazer os maiores benef\u00edcios. Seja na redu\u00e7\u00e3o da pegada ambiental, no [&hellip;]<\/p>\n","protected":false},"author":1,"featured_media":0,"parent":0,"menu_order":0,"comment_status":"closed","ping_status":"closed","template":"","meta":{"footnotes":""},"class_list":["post-560","page","type-page","status-publish","hentry"],"_links":{"self":[{"href":"https:\/\/tocchini.com.br\/index.php\/wp-json\/wp\/v2\/pages\/560","targetHints":{"allow":["GET"]}}],"collection":[{"href":"https:\/\/tocchini.com.br\/index.php\/wp-json\/wp\/v2\/pages"}],"about":[{"href":"https:\/\/tocchini.com.br\/index.php\/wp-json\/wp\/v2\/types\/page"}],"author":[{"embeddable":true,"href":"https:\/\/tocchini.com.br\/index.php\/wp-json\/wp\/v2\/users\/1"}],"replies":[{"embeddable":true,"href":"https:\/\/tocchini.com.br\/index.php\/wp-json\/wp\/v2\/comments?post=560"}],"version-history":[{"count":1,"href":"https:\/\/tocchini.com.br\/index.php\/wp-json\/wp\/v2\/pages\/560\/revisions"}],"predecessor-version":[{"id":562,"href":"https:\/\/tocchini.com.br\/index.php\/wp-json\/wp\/v2\/pages\/560\/revisions\/562"}],"wp:attachment":[{"href":"https:\/\/tocchini.com.br\/index.php\/wp-json\/wp\/v2\/media?parent=560"}],"curies":[{"name":"wp","href":"https:\/\/api.w.org\/{rel}","templated":true}]}}