{"id":530,"date":"2024-07-31T15:56:57","date_gmt":"2024-07-31T18:56:57","guid":{"rendered":"https:\/\/tocchini.com.br\/?page_id=530"},"modified":"2024-07-31T15:56:57","modified_gmt":"2024-07-31T18:56:57","slug":"foco-em-governanca-e-compliance","status":"publish","type":"page","link":"https:\/\/tocchini.com.br\/index.php\/foco-em-governanca-e-compliance\/","title":{"rendered":"FOCO EM GOVERNAN\u00c7A E COMPLIANCE"},"content":{"rendered":"<p><img loading=\"lazy\" decoding=\"async\" src=\"https:\/\/tocchini.com.br\/wp-content\/uploads\/2024\/07\/foco-em-governanca-e-compliance-tocchini-300x90.jpg\" alt=\"\" width=\"300\" height=\"90\" class=\"alignleft size-medium wp-image-531\" srcset=\"https:\/\/tocchini.com.br\/wp-content\/uploads\/2024\/07\/foco-em-governanca-e-compliance-tocchini-300x90.jpg 300w, https:\/\/tocchini.com.br\/wp-content\/uploads\/2024\/07\/foco-em-governanca-e-compliance-tocchini-1030x309.jpg 1030w, https:\/\/tocchini.com.br\/wp-content\/uploads\/2024\/07\/foco-em-governanca-e-compliance-tocchini-768x230.jpg 768w, https:\/\/tocchini.com.br\/wp-content\/uploads\/2024\/07\/foco-em-governanca-e-compliance-tocchini-705x212.jpg 705w, https:\/\/tocchini.com.br\/wp-content\/uploads\/2024\/07\/foco-em-governanca-e-compliance-tocchini.jpg 1500w\" sizes=\"auto, (max-width: 300px) 100vw, 300px\" \/><\/p>\n<hr \/>\n<div align=\"justify\">Oferecemos an\u00e1lise de normas voltadas \u00e0 governan\u00e7a e compliance, auxiliando os clientes a implementarem boas pr\u00e1ticas que minimizem riscos legais e financeiros. Esta orienta\u00e7\u00e3o proativa \u00e9 essencial para empresas que buscam n\u00e3o apenas resolver quest\u00f5es de inadimpl\u00eancia, mas tamb\u00e9m fortalecer sua posi\u00e7\u00e3o no mercado atrav\u00e9s de uma gest\u00e3o respons\u00e1vel e transparente.<\/div>\n<hr \/>\n<div  class='avia-button-wrap avia-button-center  avia-builder-el-0  avia-builder-el-no-sibling '>\n<style type=\"text\/css\" data-created_by=\"avia_inline_auto\" id=\"style-css-av-b74in-fa94bb896f9dd3adc43cf3648c5f786a\">\n#top #wrap_all .avia-button.av-b74in-fa94bb896f9dd3adc43cf3648c5f786a:hover{\ncolor:white;\ntransition:all 0.4s ease-in-out;\n}\n<\/style>\n<a href='https:\/\/tocchini.com.br\/index.php\/consulta-online\/' class='avia-color-theme-color avia-font-color-theme-color avia-button avia-button-fullwidth av-b74in-fa94bb896f9dd3adc43cf3648c5f786a avia-icon_select-yes-left-icon avia-color-theme-color'  target=\"_blank\"  rel=\"noopener noreferrer\" ><span class='avia_button_icon avia_button_icon_left' aria-hidden='true' data-av_icon='\ue832' data-av_iconfont='entypo-fontello'><\/span><span class='avia_iconbox_title' >FALE CONOSCO AGORA<\/span><span class='avia_button_background avia-button avia-button-fullwidth avia-color-theme-color-highlight'><\/span><\/a><\/div>\n","protected":false},"excerpt":{"rendered":"<p>Oferecemos an\u00e1lise de normas voltadas \u00e0 governan\u00e7a e compliance, auxiliando os clientes a implementarem boas pr\u00e1ticas que minimizem riscos legais e financeiros. Esta orienta\u00e7\u00e3o proativa \u00e9 essencial para empresas que buscam n\u00e3o apenas resolver quest\u00f5es de inadimpl\u00eancia, mas tamb\u00e9m fortalecer sua posi\u00e7\u00e3o no mercado atrav\u00e9s de uma gest\u00e3o respons\u00e1vel e transparente.<\/p>\n","protected":false},"author":1,"featured_media":0,"parent":0,"menu_order":0,"comment_status":"closed","ping_status":"closed","template":"","meta":{"footnotes":""},"class_list":["post-530","page","type-page","status-publish","hentry"],"_links":{"self":[{"href":"https:\/\/tocchini.com.br\/index.php\/wp-json\/wp\/v2\/pages\/530","targetHints":{"allow":["GET"]}}],"collection":[{"href":"https:\/\/tocchini.com.br\/index.php\/wp-json\/wp\/v2\/pages"}],"about":[{"href":"https:\/\/tocchini.com.br\/index.php\/wp-json\/wp\/v2\/types\/page"}],"author":[{"embeddable":true,"href":"https:\/\/tocchini.com.br\/index.php\/wp-json\/wp\/v2\/users\/1"}],"replies":[{"embeddable":true,"href":"https:\/\/tocchini.com.br\/index.php\/wp-json\/wp\/v2\/comments?post=530"}],"version-history":[{"count":1,"href":"https:\/\/tocchini.com.br\/index.php\/wp-json\/wp\/v2\/pages\/530\/revisions"}],"predecessor-version":[{"id":532,"href":"https:\/\/tocchini.com.br\/index.php\/wp-json\/wp\/v2\/pages\/530\/revisions\/532"}],"wp:attachment":[{"href":"https:\/\/tocchini.com.br\/index.php\/wp-json\/wp\/v2\/media?parent=530"}],"curies":[{"name":"wp","href":"https:\/\/api.w.org\/{rel}","templated":true}]}}