{"id":527,"date":"2024-07-31T15:55:25","date_gmt":"2024-07-31T18:55:25","guid":{"rendered":"https:\/\/tocchini.com.br\/?page_id=527"},"modified":"2024-07-31T15:55:25","modified_gmt":"2024-07-31T18:55:25","slug":"prevencao","status":"publish","type":"page","link":"https:\/\/tocchini.com.br\/index.php\/prevencao\/","title":{"rendered":"PREVEN\u00c7\u00c3O"},"content":{"rendered":"<p><img loading=\"lazy\" decoding=\"async\" src=\"https:\/\/tocchini.com.br\/wp-content\/uploads\/2024\/07\/prevencao-tocchini-300x90.jpg\" alt=\"\" width=\"300\" height=\"90\" class=\"alignleft size-medium wp-image-528\" srcset=\"https:\/\/tocchini.com.br\/wp-content\/uploads\/2024\/07\/prevencao-tocchini-300x90.jpg 300w, https:\/\/tocchini.com.br\/wp-content\/uploads\/2024\/07\/prevencao-tocchini-1030x309.jpg 1030w, https:\/\/tocchini.com.br\/wp-content\/uploads\/2024\/07\/prevencao-tocchini-768x230.jpg 768w, https:\/\/tocchini.com.br\/wp-content\/uploads\/2024\/07\/prevencao-tocchini-705x212.jpg 705w, https:\/\/tocchini.com.br\/wp-content\/uploads\/2024\/07\/prevencao-tocchini.jpg 1500w\" sizes=\"auto, (max-width: 300px) 100vw, 300px\" \/><\/p>\n<hr \/>\n<div align=\"justify\">A preven\u00e7\u00e3o \u00e9 um pilar central dos programas de compliance que voc\u00ea implementa. Sua abordagem estrat\u00e9gica para a preven\u00e7\u00e3o de riscos envolve a educa\u00e7\u00e3o cont\u00ednua dos colaboradores, a cria\u00e7\u00e3o de canais efetivos de comunica\u00e7\u00e3o e a institui\u00e7\u00e3o de pol\u00edticas claras e procedimentos de controle. Voc\u00ea utiliza sua experi\u00eancia para desenvolver treinamentos personalizados e engajadores que refor\u00e7am a import\u00e2ncia da conformidade e da \u00e9tica, criando uma consci\u00eancia organizacional que previne proativamente comportamentos n\u00e3o conformes.<\/div>\n<hr \/>\n<div  class='avia-button-wrap avia-button-center  avia-builder-el-0  avia-builder-el-no-sibling '>\n<style type=\"text\/css\" data-created_by=\"avia_inline_auto\" id=\"style-css-av-b74in-fa94bb896f9dd3adc43cf3648c5f786a\">\n#top #wrap_all .avia-button.av-b74in-fa94bb896f9dd3adc43cf3648c5f786a:hover{\ncolor:white;\ntransition:all 0.4s ease-in-out;\n}\n<\/style>\n<a href='https:\/\/tocchini.com.br\/index.php\/consulta-online\/' class='avia-color-theme-color avia-font-color-theme-color avia-button avia-button-fullwidth av-b74in-fa94bb896f9dd3adc43cf3648c5f786a avia-icon_select-yes-left-icon avia-color-theme-color'  target=\"_blank\"  rel=\"noopener noreferrer\" ><span class='avia_button_icon avia_button_icon_left' aria-hidden='true' data-av_icon='\ue832' data-av_iconfont='entypo-fontello'><\/span><span class='avia_iconbox_title' >FALE CONOSCO AGORA<\/span><span class='avia_button_background avia-button avia-button-fullwidth avia-color-theme-color-highlight'><\/span><\/a><\/div>\n","protected":false},"excerpt":{"rendered":"<p>A preven\u00e7\u00e3o \u00e9 um pilar central dos programas de compliance que voc\u00ea implementa. Sua abordagem estrat\u00e9gica para a preven\u00e7\u00e3o de riscos envolve a educa\u00e7\u00e3o cont\u00ednua dos colaboradores, a cria\u00e7\u00e3o de canais efetivos de comunica\u00e7\u00e3o e a institui\u00e7\u00e3o de pol\u00edticas claras e procedimentos de controle. Voc\u00ea utiliza sua experi\u00eancia para desenvolver treinamentos personalizados e engajadores que [&hellip;]<\/p>\n","protected":false},"author":1,"featured_media":0,"parent":0,"menu_order":0,"comment_status":"closed","ping_status":"closed","template":"","meta":{"footnotes":""},"class_list":["post-527","page","type-page","status-publish","hentry"],"_links":{"self":[{"href":"https:\/\/tocchini.com.br\/index.php\/wp-json\/wp\/v2\/pages\/527","targetHints":{"allow":["GET"]}}],"collection":[{"href":"https:\/\/tocchini.com.br\/index.php\/wp-json\/wp\/v2\/pages"}],"about":[{"href":"https:\/\/tocchini.com.br\/index.php\/wp-json\/wp\/v2\/types\/page"}],"author":[{"embeddable":true,"href":"https:\/\/tocchini.com.br\/index.php\/wp-json\/wp\/v2\/users\/1"}],"replies":[{"embeddable":true,"href":"https:\/\/tocchini.com.br\/index.php\/wp-json\/wp\/v2\/comments?post=527"}],"version-history":[{"count":1,"href":"https:\/\/tocchini.com.br\/index.php\/wp-json\/wp\/v2\/pages\/527\/revisions"}],"predecessor-version":[{"id":529,"href":"https:\/\/tocchini.com.br\/index.php\/wp-json\/wp\/v2\/pages\/527\/revisions\/529"}],"wp:attachment":[{"href":"https:\/\/tocchini.com.br\/index.php\/wp-json\/wp\/v2\/media?parent=527"}],"curies":[{"name":"wp","href":"https:\/\/api.w.org\/{rel}","templated":true}]}}