{"id":495,"date":"2024-07-29T14:59:55","date_gmt":"2024-07-29T17:59:55","guid":{"rendered":"https:\/\/tocchini.com.br\/?page_id=495"},"modified":"2025-02-07T16:45:25","modified_gmt":"2025-02-07T19:45:25","slug":"assessoria-juridica-em-questoes-de-liquidacao-e-distrato","status":"publish","type":"page","link":"https:\/\/tocchini.com.br\/index.php\/assessoria-juridica-em-questoes-de-liquidacao-e-distrato\/","title":{"rendered":"ASSESSORIA JUR\u00cdDICA EM QUEST\u00d5ES DE LIQUIDA\u00c7\u00c3O E DISTRATO"},"content":{"rendered":"<p><img loading=\"lazy\" decoding=\"async\" class=\"aligncenter size-full wp-image-496\" src=\"https:\/\/tocchini.com.br\/wp-content\/uploads\/2024\/07\/assessoria-juridica-em-questoes-de-liquidacao-e-distrato-tocchini.jpg\" alt=\"\" width=\"1500\" height=\"450\" srcset=\"https:\/\/tocchini.com.br\/wp-content\/uploads\/2024\/07\/assessoria-juridica-em-questoes-de-liquidacao-e-distrato-tocchini.jpg 1500w, https:\/\/tocchini.com.br\/wp-content\/uploads\/2024\/07\/assessoria-juridica-em-questoes-de-liquidacao-e-distrato-tocchini-300x90.jpg 300w, https:\/\/tocchini.com.br\/wp-content\/uploads\/2024\/07\/assessoria-juridica-em-questoes-de-liquidacao-e-distrato-tocchini-1030x309.jpg 1030w, https:\/\/tocchini.com.br\/wp-content\/uploads\/2024\/07\/assessoria-juridica-em-questoes-de-liquidacao-e-distrato-tocchini-768x230.jpg 768w, https:\/\/tocchini.com.br\/wp-content\/uploads\/2024\/07\/assessoria-juridica-em-questoes-de-liquidacao-e-distrato-tocchini-705x212.jpg 705w\" sizes=\"auto, (max-width: 1500px) 100vw, 1500px\" \/><\/p>\n<hr \/>\n<div align=\"justify\">\n<p><span style=\"font-weight: 400;\">Na assessoria jur\u00eddica voltada para liquida\u00e7\u00e3o e distrato societ\u00e1rio, nosso trabalho \u00e9 marcado por uma abordagem consultiva e estrat\u00e9gica, oferecendo orienta\u00e7\u00f5es jur\u00eddicas precisas e personalizadas. Avaliamos cuidadosamente as necessidades de cada cliente, antecipando poss\u00edveis desafios legais e propondo solu\u00e7\u00f5es que garantam a efici\u00eancia do processo e a prote\u00e7\u00e3o integral dos interesses envolvidos.<\/span><\/p>\n<p><span style=\"font-weight: 400;\">Nossa experi\u00eancia abrangente permite gerenciar com compet\u00eancia quest\u00f5es legais e financeiras que possam surgir, proporcionando seguran\u00e7a jur\u00eddica e tranquilidade aos nossos clientes durante todas as etapas do procedimento. Priorizamos a resolu\u00e7\u00e3o de complexidades com agilidade e aten\u00e7\u00e3o aos detalhes, assegurando que os processos ocorram de maneira eficiente e dentro da conformidade legal.<\/span><\/p>\n<\/div>\n<hr \/>\n<div  class='avia-button-wrap avia-button-center  avia-builder-el-0  avia-builder-el-no-sibling '>\n<style type=\"text\/css\" data-created_by=\"avia_inline_auto\" id=\"style-css-av-b74in-fa94bb896f9dd3adc43cf3648c5f786a\">\n#top #wrap_all .avia-button.av-b74in-fa94bb896f9dd3adc43cf3648c5f786a:hover{\ncolor:white;\ntransition:all 0.4s ease-in-out;\n}\n<\/style>\n<a href='https:\/\/tocchini.com.br\/index.php\/consulta-online\/' class='avia-color-theme-color avia-font-color-theme-color avia-button avia-button-fullwidth av-b74in-fa94bb896f9dd3adc43cf3648c5f786a avia-icon_select-yes-left-icon avia-color-theme-color'  target=\"_blank\"  rel=\"noopener noreferrer\" ><span class='avia_button_icon avia_button_icon_left' aria-hidden='true' data-av_icon='\ue832' data-av_iconfont='entypo-fontello'><\/span><span class='avia_iconbox_title' >FALE CONOSCO AGORA<\/span><span class='avia_button_background avia-button avia-button-fullwidth avia-color-theme-color-highlight'><\/span><\/a><\/div>\n","protected":false},"excerpt":{"rendered":"<p>Na assessoria jur\u00eddica voltada para liquida\u00e7\u00e3o e distrato societ\u00e1rio, nosso trabalho \u00e9 marcado por uma abordagem consultiva e estrat\u00e9gica, oferecendo orienta\u00e7\u00f5es jur\u00eddicas precisas e personalizadas. Avaliamos cuidadosamente as necessidades de cada cliente, antecipando poss\u00edveis desafios legais e propondo solu\u00e7\u00f5es que garantam a efici\u00eancia do processo e a prote\u00e7\u00e3o integral dos interesses envolvidos. Nossa experi\u00eancia abrangente [&hellip;]<\/p>\n","protected":false},"author":1,"featured_media":0,"parent":0,"menu_order":0,"comment_status":"closed","ping_status":"closed","template":"","meta":{"footnotes":""},"class_list":["post-495","page","type-page","status-publish","hentry"],"_links":{"self":[{"href":"https:\/\/tocchini.com.br\/index.php\/wp-json\/wp\/v2\/pages\/495","targetHints":{"allow":["GET"]}}],"collection":[{"href":"https:\/\/tocchini.com.br\/index.php\/wp-json\/wp\/v2\/pages"}],"about":[{"href":"https:\/\/tocchini.com.br\/index.php\/wp-json\/wp\/v2\/types\/page"}],"author":[{"embeddable":true,"href":"https:\/\/tocchini.com.br\/index.php\/wp-json\/wp\/v2\/users\/1"}],"replies":[{"embeddable":true,"href":"https:\/\/tocchini.com.br\/index.php\/wp-json\/wp\/v2\/comments?post=495"}],"version-history":[{"count":2,"href":"https:\/\/tocchini.com.br\/index.php\/wp-json\/wp\/v2\/pages\/495\/revisions"}],"predecessor-version":[{"id":1020,"href":"https:\/\/tocchini.com.br\/index.php\/wp-json\/wp\/v2\/pages\/495\/revisions\/1020"}],"wp:attachment":[{"href":"https:\/\/tocchini.com.br\/index.php\/wp-json\/wp\/v2\/media?parent=495"}],"curies":[{"name":"wp","href":"https:\/\/api.w.org\/{rel}","templated":true}]}}