{"id":436,"date":"2024-07-10T15:42:20","date_gmt":"2024-07-10T18:42:20","guid":{"rendered":"https:\/\/tocchini.com.br\/?page_id=436"},"modified":"2024-07-10T15:48:36","modified_gmt":"2024-07-10T18:48:36","slug":"negociacao-de-fusoes-e-aquisicoes-de-empresas","status":"publish","type":"page","link":"https:\/\/tocchini.com.br\/index.php\/negociacao-de-fusoes-e-aquisicoes-de-empresas\/","title":{"rendered":"NEGOCIA\u00c7\u00c3O DE FUS\u00d5ES E AQUISI\u00c7\u00d5ES DE EMPRESAS"},"content":{"rendered":"<p><img loading=\"lazy\" decoding=\"async\" src=\"https:\/\/tocchini.com.br\/wp-content\/uploads\/2024\/07\/negociacao-de-fusoes-e-aquisicoes-de-empresas.jpg\" alt=\"\" width=\"1500\" height=\"450\" class=\"aligncenter size-full wp-image-437\" srcset=\"https:\/\/tocchini.com.br\/wp-content\/uploads\/2024\/07\/negociacao-de-fusoes-e-aquisicoes-de-empresas.jpg 1500w, https:\/\/tocchini.com.br\/wp-content\/uploads\/2024\/07\/negociacao-de-fusoes-e-aquisicoes-de-empresas-300x90.jpg 300w, https:\/\/tocchini.com.br\/wp-content\/uploads\/2024\/07\/negociacao-de-fusoes-e-aquisicoes-de-empresas-1030x309.jpg 1030w, https:\/\/tocchini.com.br\/wp-content\/uploads\/2024\/07\/negociacao-de-fusoes-e-aquisicoes-de-empresas-768x230.jpg 768w, https:\/\/tocchini.com.br\/wp-content\/uploads\/2024\/07\/negociacao-de-fusoes-e-aquisicoes-de-empresas-705x212.jpg 705w\" sizes=\"auto, (max-width: 1500px) 100vw, 1500px\" \/><\/p>\n<hr \/>\n<div align=\"justify\">Nas negocia\u00e7\u00f5es de fus\u00f5es e aquisi\u00e7\u00f5es, suas habilidades excepcionais de negocia\u00e7\u00e3o e sua vis\u00e3o estrat\u00e9gica s\u00e3o inestim\u00e1veis. Voc\u00ea lidera nosso escrit\u00f3rio em opera\u00e7\u00f5es de M&#038;A, desde a due diligence at\u00e9 a negocia\u00e7\u00e3o de termos e a conclus\u00e3o da transa\u00e7\u00e3o, garantindo que os interesses dos nossos clientes sejam protegidos em cada etapa. Sua capacidade de compreender n\u00e3o apenas as quest\u00f5es legais, mas tamb\u00e9m as financeiras, operacionais e estrat\u00e9gicas envolvidas em fus\u00f5es e aquisi\u00e7\u00f5es, permite que voc\u00ea ofere\u00e7a conselhos abrangentes que maximizam o valor para os nossos clientes e contribuem para o sucesso de suas estrat\u00e9gias de crescimento e expans\u00e3o.<\/div>\n<hr \/>\n<div  class='avia-button-wrap avia-button-center  avia-builder-el-0  avia-builder-el-no-sibling '>\n<style type=\"text\/css\" data-created_by=\"avia_inline_auto\" id=\"style-css-av-b74in-fa94bb896f9dd3adc43cf3648c5f786a\">\n#top #wrap_all .avia-button.av-b74in-fa94bb896f9dd3adc43cf3648c5f786a:hover{\ncolor:white;\ntransition:all 0.4s ease-in-out;\n}\n<\/style>\n<a href='https:\/\/tocchini.com.br\/index.php\/consulta-online\/' class='avia-color-theme-color avia-font-color-theme-color avia-button avia-button-fullwidth av-b74in-fa94bb896f9dd3adc43cf3648c5f786a avia-icon_select-yes-left-icon avia-color-theme-color'  target=\"_blank\"  rel=\"noopener noreferrer\" ><span class='avia_button_icon avia_button_icon_left' aria-hidden='true' data-av_icon='\ue832' data-av_iconfont='entypo-fontello'><\/span><span class='avia_iconbox_title' >FALE CONOSCO AGORA<\/span><span class='avia_button_background avia-button avia-button-fullwidth avia-color-theme-color-highlight'><\/span><\/a><\/div>\n","protected":false},"excerpt":{"rendered":"<p>Nas negocia\u00e7\u00f5es de fus\u00f5es e aquisi\u00e7\u00f5es, suas habilidades excepcionais de negocia\u00e7\u00e3o e sua vis\u00e3o estrat\u00e9gica s\u00e3o inestim\u00e1veis. Voc\u00ea lidera nosso escrit\u00f3rio em opera\u00e7\u00f5es de M&#038;A, desde a due diligence at\u00e9 a negocia\u00e7\u00e3o de termos e a conclus\u00e3o da transa\u00e7\u00e3o, garantindo que os interesses dos nossos clientes sejam protegidos em cada etapa. Sua capacidade de compreender [&hellip;]<\/p>\n","protected":false},"author":1,"featured_media":0,"parent":0,"menu_order":0,"comment_status":"closed","ping_status":"closed","template":"","meta":{"footnotes":""},"class_list":["post-436","page","type-page","status-publish","hentry"],"_links":{"self":[{"href":"https:\/\/tocchini.com.br\/index.php\/wp-json\/wp\/v2\/pages\/436","targetHints":{"allow":["GET"]}}],"collection":[{"href":"https:\/\/tocchini.com.br\/index.php\/wp-json\/wp\/v2\/pages"}],"about":[{"href":"https:\/\/tocchini.com.br\/index.php\/wp-json\/wp\/v2\/types\/page"}],"author":[{"embeddable":true,"href":"https:\/\/tocchini.com.br\/index.php\/wp-json\/wp\/v2\/users\/1"}],"replies":[{"embeddable":true,"href":"https:\/\/tocchini.com.br\/index.php\/wp-json\/wp\/v2\/comments?post=436"}],"version-history":[{"count":1,"href":"https:\/\/tocchini.com.br\/index.php\/wp-json\/wp\/v2\/pages\/436\/revisions"}],"predecessor-version":[{"id":438,"href":"https:\/\/tocchini.com.br\/index.php\/wp-json\/wp\/v2\/pages\/436\/revisions\/438"}],"wp:attachment":[{"href":"https:\/\/tocchini.com.br\/index.php\/wp-json\/wp\/v2\/media?parent=436"}],"curies":[{"name":"wp","href":"https:\/\/api.w.org\/{rel}","templated":true}]}}