{"id":393,"date":"2024-07-04T15:14:25","date_gmt":"2024-07-04T18:14:25","guid":{"rendered":"https:\/\/tocchini.com.br\/?page_id=393"},"modified":"2024-07-04T15:14:25","modified_gmt":"2024-07-04T18:14:25","slug":"assessoria-juridica-em-questoes-de-recuperacao-judicial","status":"publish","type":"page","link":"https:\/\/tocchini.com.br\/index.php\/assessoria-juridica-em-questoes-de-recuperacao-judicial\/","title":{"rendered":"ASSESSORIA JUR\u00cdDICA EM QUEST\u00d5ES DE RECUPERA\u00c7\u00c3O JUDICIAL"},"content":{"rendered":"<p><img loading=\"lazy\" decoding=\"async\" src=\"https:\/\/tocchini.com.br\/wp-content\/uploads\/2024\/07\/assessoria-juridica-em-questoes-de-recuperacao-judicial-tocchini.jpg\" alt=\"\" width=\"1500\" height=\"450\" class=\"aligncenter size-full wp-image-394\" srcset=\"https:\/\/tocchini.com.br\/wp-content\/uploads\/2024\/07\/assessoria-juridica-em-questoes-de-recuperacao-judicial-tocchini.jpg 1500w, https:\/\/tocchini.com.br\/wp-content\/uploads\/2024\/07\/assessoria-juridica-em-questoes-de-recuperacao-judicial-tocchini-300x90.jpg 300w, https:\/\/tocchini.com.br\/wp-content\/uploads\/2024\/07\/assessoria-juridica-em-questoes-de-recuperacao-judicial-tocchini-1030x309.jpg 1030w, https:\/\/tocchini.com.br\/wp-content\/uploads\/2024\/07\/assessoria-juridica-em-questoes-de-recuperacao-judicial-tocchini-768x230.jpg 768w, https:\/\/tocchini.com.br\/wp-content\/uploads\/2024\/07\/assessoria-juridica-em-questoes-de-recuperacao-judicial-tocchini-705x212.jpg 705w\" sizes=\"auto, (max-width: 1500px) 100vw, 1500px\" \/><\/p>\n<hr \/>\n<div align=\"justify\">Nesta \u00e1rea, sua abordagem ampla e conhecimento multidisciplinar s\u00e3o essenciais. Voc\u00ea guia as empresas atrav\u00e9s do intricado labirinto legal da recupera\u00e7\u00e3o judicial, oferecendo n\u00e3o apenas orienta\u00e7\u00e3o jur\u00eddica, mas tamb\u00e9m insights estrat\u00e9gicos que abordam o cerne dos desafios empresariais. Sua experi\u00eancia em m\u00faltiplas \u00e1reas do direito permite que nosso escrit\u00f3rio ofere\u00e7a conselhos abrangentes sobre as implica\u00e7\u00f5es legais, financeiras e operacionais do processo de recupera\u00e7\u00e3o, ajudando as empresas a tomar decis\u00f5es informadas e estrat\u00e9gicas em cada etapa do caminho.<\/div>\n<hr \/>\n<div  class='avia-button-wrap avia-button-center  avia-builder-el-0  avia-builder-el-no-sibling '>\n<style type=\"text\/css\" data-created_by=\"avia_inline_auto\" id=\"style-css-av-b74in-fa94bb896f9dd3adc43cf3648c5f786a\">\n#top #wrap_all .avia-button.av-b74in-fa94bb896f9dd3adc43cf3648c5f786a:hover{\ncolor:white;\ntransition:all 0.4s ease-in-out;\n}\n<\/style>\n<a href='https:\/\/tocchini.com.br\/index.php\/consulta-online\/' class='avia-color-theme-color avia-font-color-theme-color avia-button avia-button-fullwidth av-b74in-fa94bb896f9dd3adc43cf3648c5f786a avia-icon_select-yes-left-icon avia-color-theme-color'  target=\"_blank\"  rel=\"noopener noreferrer\" ><span class='avia_button_icon avia_button_icon_left' aria-hidden='true' data-av_icon='\ue832' data-av_iconfont='entypo-fontello'><\/span><span class='avia_iconbox_title' >FALE CONOSCO AGORA<\/span><span class='avia_button_background avia-button avia-button-fullwidth avia-color-theme-color-highlight'><\/span><\/a><\/div>\n","protected":false},"excerpt":{"rendered":"<p>Nesta \u00e1rea, sua abordagem ampla e conhecimento multidisciplinar s\u00e3o essenciais. Voc\u00ea guia as empresas atrav\u00e9s do intricado labirinto legal da recupera\u00e7\u00e3o judicial, oferecendo n\u00e3o apenas orienta\u00e7\u00e3o jur\u00eddica, mas tamb\u00e9m insights estrat\u00e9gicos que abordam o cerne dos desafios empresariais. Sua experi\u00eancia em m\u00faltiplas \u00e1reas do direito permite que nosso escrit\u00f3rio ofere\u00e7a conselhos abrangentes sobre as implica\u00e7\u00f5es [&hellip;]<\/p>\n","protected":false},"author":1,"featured_media":0,"parent":0,"menu_order":0,"comment_status":"closed","ping_status":"closed","template":"","meta":{"footnotes":""},"class_list":["post-393","page","type-page","status-publish","hentry"],"_links":{"self":[{"href":"https:\/\/tocchini.com.br\/index.php\/wp-json\/wp\/v2\/pages\/393","targetHints":{"allow":["GET"]}}],"collection":[{"href":"https:\/\/tocchini.com.br\/index.php\/wp-json\/wp\/v2\/pages"}],"about":[{"href":"https:\/\/tocchini.com.br\/index.php\/wp-json\/wp\/v2\/types\/page"}],"author":[{"embeddable":true,"href":"https:\/\/tocchini.com.br\/index.php\/wp-json\/wp\/v2\/users\/1"}],"replies":[{"embeddable":true,"href":"https:\/\/tocchini.com.br\/index.php\/wp-json\/wp\/v2\/comments?post=393"}],"version-history":[{"count":1,"href":"https:\/\/tocchini.com.br\/index.php\/wp-json\/wp\/v2\/pages\/393\/revisions"}],"predecessor-version":[{"id":395,"href":"https:\/\/tocchini.com.br\/index.php\/wp-json\/wp\/v2\/pages\/393\/revisions\/395"}],"wp:attachment":[{"href":"https:\/\/tocchini.com.br\/index.php\/wp-json\/wp\/v2\/media?parent=393"}],"curies":[{"name":"wp","href":"https:\/\/api.w.org\/{rel}","templated":true}]}}