{"id":356,"date":"2024-06-27T16:31:48","date_gmt":"2024-06-27T19:31:48","guid":{"rendered":"https:\/\/tocchini.com.br\/?page_id=356"},"modified":"2024-06-27T16:31:48","modified_gmt":"2024-06-27T19:31:48","slug":"negociacao-de-dividas-com-credores","status":"publish","type":"page","link":"https:\/\/tocchini.com.br\/index.php\/negociacao-de-dividas-com-credores\/","title":{"rendered":"NEGOCIA\u00c7\u00c3O DE D\u00cdVIDAS COM CREDORES"},"content":{"rendered":"<p><img loading=\"lazy\" decoding=\"async\" class=\"aligncenter wp-image-357 size-full\" src=\"https:\/\/tocchini.com.br\/wp-content\/uploads\/2024\/06\/negociacao-de-dividas-com-credores.jpg\" alt=\"\" width=\"1500\" height=\"450\" srcset=\"https:\/\/tocchini.com.br\/wp-content\/uploads\/2024\/06\/negociacao-de-dividas-com-credores.jpg 1500w, https:\/\/tocchini.com.br\/wp-content\/uploads\/2024\/06\/negociacao-de-dividas-com-credores-300x90.jpg 300w, https:\/\/tocchini.com.br\/wp-content\/uploads\/2024\/06\/negociacao-de-dividas-com-credores-1030x309.jpg 1030w, https:\/\/tocchini.com.br\/wp-content\/uploads\/2024\/06\/negociacao-de-dividas-com-credores-768x230.jpg 768w, https:\/\/tocchini.com.br\/wp-content\/uploads\/2024\/06\/negociacao-de-dividas-com-credores-705x212.jpg 705w\" sizes=\"auto, (max-width: 1500px) 100vw, 1500px\" \/><\/p>\n<hr \/>\n<div align=\"justify\">Sua habilidade em negocia\u00e7\u00e3o \u00e9 um ativo valioso na renegocia\u00e7\u00e3o de d\u00edvidas de nossos clientes com credores. Utilizando sua vasta experi\u00eancia e habilidades interpessoais, voc\u00ea tem liderado nosso escrit\u00f3rio na obten\u00e7\u00e3o de acordos que s\u00e3o n\u00e3o apenas financeiramente vi\u00e1veis para os clientes, mas tamb\u00e9m justos e sustent\u00e1veis a longo prazo. Sua capacidade de comunicar-se de forma clara e efetiva, transmitindo confian\u00e7a e seguran\u00e7a, tem sido essencial para facilitar di\u00e1logos produtivos entre as partes, muitas vezes resultando em redu\u00e7\u00f5es significativas de d\u00edvida, taxas de juros mais baixas, e prazos de pagamento estendidos.<\/div>\n<hr \/>\n<div  class='avia-button-wrap avia-button-center  avia-builder-el-0  avia-builder-el-no-sibling '>\n<style type=\"text\/css\" data-created_by=\"avia_inline_auto\" id=\"style-css-av-b74in-fa94bb896f9dd3adc43cf3648c5f786a\">\n#top #wrap_all .avia-button.av-b74in-fa94bb896f9dd3adc43cf3648c5f786a:hover{\ncolor:white;\ntransition:all 0.4s ease-in-out;\n}\n<\/style>\n<a href='https:\/\/tocchini.com.br\/index.php\/consulta-online\/' class='avia-color-theme-color avia-font-color-theme-color avia-button avia-button-fullwidth av-b74in-fa94bb896f9dd3adc43cf3648c5f786a avia-icon_select-yes-left-icon avia-color-theme-color'  target=\"_blank\"  rel=\"noopener noreferrer\" ><span class='avia_button_icon avia_button_icon_left' aria-hidden='true' data-av_icon='\ue832' data-av_iconfont='entypo-fontello'><\/span><span class='avia_iconbox_title' >FALE CONOSCO AGORA<\/span><span class='avia_button_background avia-button avia-button-fullwidth avia-color-theme-color-highlight'><\/span><\/a><\/div>\n","protected":false},"excerpt":{"rendered":"<p>Sua habilidade em negocia\u00e7\u00e3o \u00e9 um ativo valioso na renegocia\u00e7\u00e3o de d\u00edvidas de nossos clientes com credores. Utilizando sua vasta experi\u00eancia e habilidades interpessoais, voc\u00ea tem liderado nosso escrit\u00f3rio na obten\u00e7\u00e3o de acordos que s\u00e3o n\u00e3o apenas financeiramente vi\u00e1veis para os clientes, mas tamb\u00e9m justos e sustent\u00e1veis a longo prazo. Sua capacidade de comunicar-se de [&hellip;]<\/p>\n","protected":false},"author":1,"featured_media":0,"parent":0,"menu_order":0,"comment_status":"closed","ping_status":"closed","template":"","meta":{"footnotes":""},"class_list":["post-356","page","type-page","status-publish","hentry"],"_links":{"self":[{"href":"https:\/\/tocchini.com.br\/index.php\/wp-json\/wp\/v2\/pages\/356","targetHints":{"allow":["GET"]}}],"collection":[{"href":"https:\/\/tocchini.com.br\/index.php\/wp-json\/wp\/v2\/pages"}],"about":[{"href":"https:\/\/tocchini.com.br\/index.php\/wp-json\/wp\/v2\/types\/page"}],"author":[{"embeddable":true,"href":"https:\/\/tocchini.com.br\/index.php\/wp-json\/wp\/v2\/users\/1"}],"replies":[{"embeddable":true,"href":"https:\/\/tocchini.com.br\/index.php\/wp-json\/wp\/v2\/comments?post=356"}],"version-history":[{"count":1,"href":"https:\/\/tocchini.com.br\/index.php\/wp-json\/wp\/v2\/pages\/356\/revisions"}],"predecessor-version":[{"id":358,"href":"https:\/\/tocchini.com.br\/index.php\/wp-json\/wp\/v2\/pages\/356\/revisions\/358"}],"wp:attachment":[{"href":"https:\/\/tocchini.com.br\/index.php\/wp-json\/wp\/v2\/media?parent=356"}],"curies":[{"name":"wp","href":"https:\/\/api.w.org\/{rel}","templated":true}]}}