{"id":353,"date":"2024-06-27T16:28:04","date_gmt":"2024-06-27T19:28:04","guid":{"rendered":"https:\/\/tocchini.com.br\/?page_id=353"},"modified":"2024-06-27T16:28:04","modified_gmt":"2024-06-27T19:28:04","slug":"gestao-de-inadimplencia-com-enfoque-estrategico","status":"publish","type":"page","link":"https:\/\/tocchini.com.br\/index.php\/gestao-de-inadimplencia-com-enfoque-estrategico\/","title":{"rendered":"GEST\u00c3O DE INADIMPL\u00caNCIA COM ENFOQUE ESTRAT\u00c9GICO"},"content":{"rendered":"<p><img loading=\"lazy\" decoding=\"async\" class=\"aligncenter wp-image-354 size-full\" src=\"https:\/\/tocchini.com.br\/wp-content\/uploads\/2024\/06\/gestao-de-inadimplenciaa-com-enfoque-estrategico.jpg\" alt=\"\" width=\"1500\" height=\"450\" srcset=\"https:\/\/tocchini.com.br\/wp-content\/uploads\/2024\/06\/gestao-de-inadimplenciaa-com-enfoque-estrategico.jpg 1500w, https:\/\/tocchini.com.br\/wp-content\/uploads\/2024\/06\/gestao-de-inadimplenciaa-com-enfoque-estrategico-300x90.jpg 300w, https:\/\/tocchini.com.br\/wp-content\/uploads\/2024\/06\/gestao-de-inadimplenciaa-com-enfoque-estrategico-1030x309.jpg 1030w, https:\/\/tocchini.com.br\/wp-content\/uploads\/2024\/06\/gestao-de-inadimplenciaa-com-enfoque-estrategico-768x230.jpg 768w, https:\/\/tocchini.com.br\/wp-content\/uploads\/2024\/06\/gestao-de-inadimplenciaa-com-enfoque-estrategico-705x212.jpg 705w\" sizes=\"auto, (max-width: 1500px) 100vw, 1500px\" \/><\/p>\n<hr \/>\n<div align=\"justify\">Entendemos que a inadimpl\u00eancia pode surgir de diversos fatores e impactar de maneiras diferentes cada neg\u00f3cio. Por isso, nosso trabalho inicia com uma an\u00e1lise detalhada do cen\u00e1rio enfrentado pelo cliente, seguido pela proposi\u00e7\u00e3o de estrat\u00e9gias jur\u00eddicas personalizadas que visam n\u00e3o apenas a recupera\u00e7\u00e3o de cr\u00e9ditos, mas tamb\u00e9m a preven\u00e7\u00e3o de futuras inadimpl\u00eancias. Isso inclui a negocia\u00e7\u00e3o eficaz com devedores, a cobran\u00e7a assertiva e, quando necess\u00e1rio, a\u00e7\u00f5es judiciais estrategicamente planejadas.<\/div>\n<hr \/>\n<div  class='avia-button-wrap avia-button-center  avia-builder-el-0  avia-builder-el-no-sibling '>\n<style type=\"text\/css\" data-created_by=\"avia_inline_auto\" id=\"style-css-av-b74in-fa94bb896f9dd3adc43cf3648c5f786a\">\n#top #wrap_all .avia-button.av-b74in-fa94bb896f9dd3adc43cf3648c5f786a:hover{\ncolor:white;\ntransition:all 0.4s ease-in-out;\n}\n<\/style>\n<a href='https:\/\/tocchini.com.br\/index.php\/consulta-online\/' class='avia-color-theme-color avia-font-color-theme-color avia-button avia-button-fullwidth av-b74in-fa94bb896f9dd3adc43cf3648c5f786a avia-icon_select-yes-left-icon avia-color-theme-color'  target=\"_blank\"  rel=\"noopener noreferrer\" ><span class='avia_button_icon avia_button_icon_left' aria-hidden='true' data-av_icon='\ue832' data-av_iconfont='entypo-fontello'><\/span><span class='avia_iconbox_title' >FALE CONOSCO AGORA<\/span><span class='avia_button_background avia-button avia-button-fullwidth avia-color-theme-color-highlight'><\/span><\/a><\/div>\n","protected":false},"excerpt":{"rendered":"<p>Entendemos que a inadimpl\u00eancia pode surgir de diversos fatores e impactar de maneiras diferentes cada neg\u00f3cio. Por isso, nosso trabalho inicia com uma an\u00e1lise detalhada do cen\u00e1rio enfrentado pelo cliente, seguido pela proposi\u00e7\u00e3o de estrat\u00e9gias jur\u00eddicas personalizadas que visam n\u00e3o apenas a recupera\u00e7\u00e3o de cr\u00e9ditos, mas tamb\u00e9m a preven\u00e7\u00e3o de futuras inadimpl\u00eancias. Isso inclui a [&hellip;]<\/p>\n","protected":false},"author":1,"featured_media":0,"parent":0,"menu_order":0,"comment_status":"closed","ping_status":"closed","template":"","meta":{"footnotes":""},"class_list":["post-353","page","type-page","status-publish","hentry"],"_links":{"self":[{"href":"https:\/\/tocchini.com.br\/index.php\/wp-json\/wp\/v2\/pages\/353","targetHints":{"allow":["GET"]}}],"collection":[{"href":"https:\/\/tocchini.com.br\/index.php\/wp-json\/wp\/v2\/pages"}],"about":[{"href":"https:\/\/tocchini.com.br\/index.php\/wp-json\/wp\/v2\/types\/page"}],"author":[{"embeddable":true,"href":"https:\/\/tocchini.com.br\/index.php\/wp-json\/wp\/v2\/users\/1"}],"replies":[{"embeddable":true,"href":"https:\/\/tocchini.com.br\/index.php\/wp-json\/wp\/v2\/comments?post=353"}],"version-history":[{"count":1,"href":"https:\/\/tocchini.com.br\/index.php\/wp-json\/wp\/v2\/pages\/353\/revisions"}],"predecessor-version":[{"id":355,"href":"https:\/\/tocchini.com.br\/index.php\/wp-json\/wp\/v2\/pages\/353\/revisions\/355"}],"wp:attachment":[{"href":"https:\/\/tocchini.com.br\/index.php\/wp-json\/wp\/v2\/media?parent=353"}],"curies":[{"name":"wp","href":"https:\/\/api.w.org\/{rel}","templated":true}]}}