{"id":277,"date":"2024-06-13T15:38:13","date_gmt":"2024-06-13T18:38:13","guid":{"rendered":"https:\/\/tocchini.com.br\/?page_id=277"},"modified":"2024-06-13T15:38:13","modified_gmt":"2024-06-13T18:38:13","slug":"expertise-em-processos-indenizatorios","status":"publish","type":"page","link":"https:\/\/tocchini.com.br\/index.php\/expertise-em-processos-indenizatorios\/","title":{"rendered":"EXPERTISE EM PROCESSOS INDENIZAT\u00d3RIOS"},"content":{"rendered":"<p><img loading=\"lazy\" decoding=\"async\" src=\"https:\/\/tocchini.com.br\/wp-content\/uploads\/2024\/06\/expertise-em-processos-indenizatorios.jpg\" alt=\"\" width=\"1500\" height=\"450\" class=\"aligncenter size-full wp-image-278\" srcset=\"https:\/\/tocchini.com.br\/wp-content\/uploads\/2024\/06\/expertise-em-processos-indenizatorios.jpg 1500w, https:\/\/tocchini.com.br\/wp-content\/uploads\/2024\/06\/expertise-em-processos-indenizatorios-300x90.jpg 300w, https:\/\/tocchini.com.br\/wp-content\/uploads\/2024\/06\/expertise-em-processos-indenizatorios-1030x309.jpg 1030w, https:\/\/tocchini.com.br\/wp-content\/uploads\/2024\/06\/expertise-em-processos-indenizatorios-768x230.jpg 768w, https:\/\/tocchini.com.br\/wp-content\/uploads\/2024\/06\/expertise-em-processos-indenizatorios-705x212.jpg 705w\" sizes=\"auto, (max-width: 1500px) 100vw, 1500px\" \/><\/p>\n<hr \/>\n<div align=\"justify\">Nossa equipe jur\u00eddica especializada possui um profundo conhecimento e experi\u00eancia na condu\u00e7\u00e3o de processos indenizat\u00f3rios, garantindo uma representa\u00e7\u00e3o legal robusta e eficaz. Entendemos as nuances e os desafios espec\u00edficos desses casos, o que nos permite desenvolver estrat\u00e9gias jur\u00eddicas personalizadas e assertivas para cada situa\u00e7\u00e3o. Nossa atua\u00e7\u00e3o abrange desde a an\u00e1lise inicial do caso, passando pela negocia\u00e7\u00e3o com as partes envolvidas, at\u00e9 a representa\u00e7\u00e3o em processos judiciais, se necess\u00e1rio.<\/ div><\/p>\n<hr \/>\n<div  class='avia-button-wrap avia-button-center  avia-builder-el-0  avia-builder-el-no-sibling '>\n<style type=\"text\/css\" data-created_by=\"avia_inline_auto\" id=\"style-css-av-b74in-fa94bb896f9dd3adc43cf3648c5f786a\">\n#top #wrap_all .avia-button.av-b74in-fa94bb896f9dd3adc43cf3648c5f786a:hover{\ncolor:white;\ntransition:all 0.4s ease-in-out;\n}\n<\/style>\n<a href='https:\/\/tocchini.com.br\/index.php\/consulta-online\/' class='avia-color-theme-color avia-font-color-theme-color avia-button avia-button-fullwidth av-b74in-fa94bb896f9dd3adc43cf3648c5f786a avia-icon_select-yes-left-icon avia-color-theme-color'  target=\"_blank\"  rel=\"noopener noreferrer\" ><span class='avia_button_icon avia_button_icon_left' aria-hidden='true' data-av_icon='\ue832' data-av_iconfont='entypo-fontello'><\/span><span class='avia_iconbox_title' >FALE CONOSCO AGORA<\/span><span class='avia_button_background avia-button avia-button-fullwidth avia-color-theme-color-highlight'><\/span><\/a><\/div>\n","protected":false},"excerpt":{"rendered":"<p>Nossa equipe jur\u00eddica especializada possui um profundo conhecimento e experi\u00eancia na condu\u00e7\u00e3o de processos indenizat\u00f3rios, garantindo uma representa\u00e7\u00e3o legal robusta e eficaz. Entendemos as nuances e os desafios espec\u00edficos desses casos, o que nos permite desenvolver estrat\u00e9gias jur\u00eddicas personalizadas e assertivas para cada situa\u00e7\u00e3o. Nossa atua\u00e7\u00e3o abrange desde a an\u00e1lise inicial do caso, passando pela [&hellip;]<\/p>\n","protected":false},"author":1,"featured_media":0,"parent":0,"menu_order":0,"comment_status":"closed","ping_status":"closed","template":"","meta":{"footnotes":""},"class_list":["post-277","page","type-page","status-publish","hentry"],"_links":{"self":[{"href":"https:\/\/tocchini.com.br\/index.php\/wp-json\/wp\/v2\/pages\/277","targetHints":{"allow":["GET"]}}],"collection":[{"href":"https:\/\/tocchini.com.br\/index.php\/wp-json\/wp\/v2\/pages"}],"about":[{"href":"https:\/\/tocchini.com.br\/index.php\/wp-json\/wp\/v2\/types\/page"}],"author":[{"embeddable":true,"href":"https:\/\/tocchini.com.br\/index.php\/wp-json\/wp\/v2\/users\/1"}],"replies":[{"embeddable":true,"href":"https:\/\/tocchini.com.br\/index.php\/wp-json\/wp\/v2\/comments?post=277"}],"version-history":[{"count":1,"href":"https:\/\/tocchini.com.br\/index.php\/wp-json\/wp\/v2\/pages\/277\/revisions"}],"predecessor-version":[{"id":279,"href":"https:\/\/tocchini.com.br\/index.php\/wp-json\/wp\/v2\/pages\/277\/revisions\/279"}],"wp:attachment":[{"href":"https:\/\/tocchini.com.br\/index.php\/wp-json\/wp\/v2\/media?parent=277"}],"curies":[{"name":"wp","href":"https:\/\/api.w.org\/{rel}","templated":true}]}}