{"id":250,"date":"2024-06-13T10:41:42","date_gmt":"2024-06-13T13:41:42","guid":{"rendered":"https:\/\/tocchini.com.br\/?page_id=250"},"modified":"2025-02-11T10:24:39","modified_gmt":"2025-02-11T13:24:39","slug":"interdicao","status":"publish","type":"page","link":"https:\/\/tocchini.com.br\/index.php\/interdicao\/","title":{"rendered":"INTERDI\u00c7\u00c3O"},"content":{"rendered":"<p><img loading=\"lazy\" decoding=\"async\" class=\"aligncenter wp-image-314 size-full\" src=\"https:\/\/tocchini.com.br\/wp-content\/uploads\/2024\/06\/Interdicao-tocchini-advogados.jpg\" alt=\"\" width=\"1500\" height=\"450\" srcset=\"https:\/\/tocchini.com.br\/wp-content\/uploads\/2024\/06\/Interdicao-tocchini-advogados.jpg 1500w, https:\/\/tocchini.com.br\/wp-content\/uploads\/2024\/06\/Interdicao-tocchini-advogados-300x90.jpg 300w, https:\/\/tocchini.com.br\/wp-content\/uploads\/2024\/06\/Interdicao-tocchini-advogados-1030x309.jpg 1030w, https:\/\/tocchini.com.br\/wp-content\/uploads\/2024\/06\/Interdicao-tocchini-advogados-768x230.jpg 768w, https:\/\/tocchini.com.br\/wp-content\/uploads\/2024\/06\/Interdicao-tocchini-advogados-705x212.jpg 705w\" sizes=\"auto, (max-width: 1500px) 100vw, 1500px\" \/><\/p>\n<hr \/>\n<div align=\"justify\">\n<p><strong>Interdi\u00e7\u00e3o de Pessoas com Defici\u00eancia Mental ou F\u00edsica: <\/strong>A interdi\u00e7\u00e3o \u00e9 um processo jur\u00eddico complexo e sens\u00edvel, que requer n\u00e3o s\u00f3 um amplo conhecimento legal, mas tamb\u00e9m uma grande dose de empatia e respeito pelas pessoas envolvidas. Nossa capacidade de comunicar-se claramente e de maneira acess\u00edvel \u00e9 fundamental para orientar as fam\u00edlias atrav\u00e9s do processo de interdi\u00e7\u00e3o, explicando as implica\u00e7\u00f5es legais e os passos a serem seguidos com paci\u00eancia e compreens\u00e3o. Sob a orienta\u00e7\u00e3o do Dr. M\u00e1rio Tocchini Neto, que conta com mais de 20 anos de experi\u00eancia, nosso escrit\u00f3rio se destaca por oferecer uma assessoria jur\u00eddica humanizada, focando na prote\u00e7\u00e3o dos interesses e na dignidade das pessoas com defici\u00eancia, garantindo que seus direitos sejam preservados e que recebam o suporte legal necess\u00e1rio para uma vida plena e segura.<strong>Curatela e Tutela de Incapazes:<\/strong> <span style=\"font-weight: 400;\">Nestes casos, a sua vis\u00e3o estrat\u00e9gica e experi\u00eancia s\u00e3o utilizadas para estabelecer estruturas de prote\u00e7\u00e3o e representa\u00e7\u00e3o legal para aqueles que n\u00e3o podem cuidar de si mesmos ou de seus interesses devido a incapacidades. Sua habilidade em criar conex\u00f5es ajuda a construir rela\u00e7\u00f5es de confian\u00e7a com os clientes e com as partes envolvidas, facilitando a implementa\u00e7\u00e3o de solu\u00e7\u00f5es jur\u00eddicas que respeitem as necessidades individuais dos incapazes, ao mesmo tempo em que asseguram sua prote\u00e7\u00e3o e bem-estar. Atrav\u00e9s de um acompanhamento cuidadoso e personalizado, nosso escrit\u00f3rio se dedica a garantir que a tutela ou curatela seja exercida de forma respons\u00e1vel e alinhada com os melhores interesses dos incapazes.<\/span><\/p>\n<p><b>Curatela e Tutela de Incapazes:<\/b><span style=\"font-weight: 400;\"> Nestes casos, a sua vis\u00e3o estrat\u00e9gica e experi\u00eancia s\u00e3o utilizadas para estabelecer estruturas de prote\u00e7\u00e3o e representa\u00e7\u00e3o legal para aqueles que n\u00e3o podem cuidar de si mesmos ou de seus interesses devido a incapacidades. Sua habilidade em criar conex\u00f5es ajuda a construir rela\u00e7\u00f5es de confian\u00e7a com os clientes e com as partes envolvidas, facilitando a implementa\u00e7\u00e3o de solu\u00e7\u00f5es jur\u00eddicas que respeitem as necessidades individuais dos incapazes, ao mesmo tempo em que asseguram sua prote\u00e7\u00e3o e bem-estar. Atrav\u00e9s de um acompanhamento cuidadoso e personalizado, nosso escrit\u00f3rio se dedica a garantir que a tutela ou curatela seja exercida de forma respons\u00e1vel e alinhada com os melhores interesses dos incapazes.<\/span><\/p>\n<p><b>Assessoria Jur\u00eddica em Quest\u00f5es de Interdi\u00e7\u00e3o:<\/b><span style=\"font-weight: 400;\"> A sua capacidade de compreender profundamente as nuances legais e pessoais de cada caso faz de voc\u00ea um advogado excepcional em quest\u00f5es de interdi\u00e7\u00e3o. Nossa assessoria jur\u00eddica abrange desde a avalia\u00e7\u00e3o inicial da necessidade de interdi\u00e7\u00e3o at\u00e9 o acompanhamento do processo judicial, incluindo a prepara\u00e7\u00e3o de toda a documenta\u00e7\u00e3o necess\u00e1ria e a representa\u00e7\u00e3o em audi\u00eancias. Sua experi\u00eancia proporciona aos nossos clientes uma orienta\u00e7\u00e3o segura e eficaz, assegurando que as decis\u00f5es tomadas estejam sempre no melhor interesse da pessoa a ser interditada, promovendo sua prote\u00e7\u00e3o e respeitando sua dignidade.<\/span><\/p>\n<\/div>\n<hr \/>\n<div  class='avia-button-wrap avia-button-center  avia-builder-el-0  avia-builder-el-no-sibling '>\n<style type=\"text\/css\" data-created_by=\"avia_inline_auto\" id=\"style-css-av-b74in-fa94bb896f9dd3adc43cf3648c5f786a\">\n#top #wrap_all .avia-button.av-b74in-fa94bb896f9dd3adc43cf3648c5f786a:hover{\ncolor:white;\ntransition:all 0.4s ease-in-out;\n}\n<\/style>\n<a href='https:\/\/tocchini.com.br\/index.php\/consulta-online\/' class='avia-color-theme-color avia-font-color-theme-color avia-button avia-button-fullwidth av-b74in-fa94bb896f9dd3adc43cf3648c5f786a avia-icon_select-yes-left-icon avia-color-theme-color'  target=\"_blank\"  rel=\"noopener noreferrer\" ><span class='avia_button_icon avia_button_icon_left' aria-hidden='true' data-av_icon='\ue832' data-av_iconfont='entypo-fontello'><\/span><span class='avia_iconbox_title' >FALE CONOSCO AGORA<\/span><span class='avia_button_background avia-button avia-button-fullwidth avia-color-theme-color-highlight'><\/span><\/a><\/div>\n","protected":false},"excerpt":{"rendered":"<p>Interdi\u00e7\u00e3o de Pessoas com Defici\u00eancia Mental ou F\u00edsica: A interdi\u00e7\u00e3o \u00e9 um processo jur\u00eddico complexo e sens\u00edvel, que requer n\u00e3o s\u00f3 um amplo conhecimento legal, mas tamb\u00e9m uma grande dose de empatia e respeito pelas pessoas envolvidas. Nossa capacidade de comunicar-se claramente e de maneira acess\u00edvel \u00e9 fundamental para orientar as fam\u00edlias atrav\u00e9s do processo [&hellip;]<\/p>\n","protected":false},"author":1,"featured_media":0,"parent":0,"menu_order":0,"comment_status":"closed","ping_status":"closed","template":"","meta":{"footnotes":""},"class_list":["post-250","page","type-page","status-publish","hentry"],"_links":{"self":[{"href":"https:\/\/tocchini.com.br\/index.php\/wp-json\/wp\/v2\/pages\/250","targetHints":{"allow":["GET"]}}],"collection":[{"href":"https:\/\/tocchini.com.br\/index.php\/wp-json\/wp\/v2\/pages"}],"about":[{"href":"https:\/\/tocchini.com.br\/index.php\/wp-json\/wp\/v2\/types\/page"}],"author":[{"embeddable":true,"href":"https:\/\/tocchini.com.br\/index.php\/wp-json\/wp\/v2\/users\/1"}],"replies":[{"embeddable":true,"href":"https:\/\/tocchini.com.br\/index.php\/wp-json\/wp\/v2\/comments?post=250"}],"version-history":[{"count":7,"href":"https:\/\/tocchini.com.br\/index.php\/wp-json\/wp\/v2\/pages\/250\/revisions"}],"predecessor-version":[{"id":1032,"href":"https:\/\/tocchini.com.br\/index.php\/wp-json\/wp\/v2\/pages\/250\/revisions\/1032"}],"wp:attachment":[{"href":"https:\/\/tocchini.com.br\/index.php\/wp-json\/wp\/v2\/media?parent=250"}],"curies":[{"name":"wp","href":"https:\/\/api.w.org\/{rel}","templated":true}]}}