{"id":235,"date":"2024-06-13T10:21:36","date_gmt":"2024-06-13T13:21:36","guid":{"rendered":"https:\/\/tocchini.com.br\/?page_id=235"},"modified":"2025-02-07T13:45:03","modified_gmt":"2025-02-07T16:45:03","slug":"planejamento-patrimonial-e-sucessorio","status":"publish","type":"page","link":"https:\/\/tocchini.com.br\/index.php\/planejamento-patrimonial-e-sucessorio\/","title":{"rendered":"PLANEJAMENTO PATRIMONIAL E SUCESS\u00d3RIO"},"content":{"rendered":"<p><img loading=\"lazy\" decoding=\"async\" class=\"aligncenter size-full wp-image-236\" src=\"https:\/\/tocchini.com.br\/wp-content\/uploads\/2024\/06\/planejamento-patrimonial-e-sucessorio-tocchini-advogados.jpg\" alt=\"\" width=\"1500\" height=\"450\" srcset=\"https:\/\/tocchini.com.br\/wp-content\/uploads\/2024\/06\/planejamento-patrimonial-e-sucessorio-tocchini-advogados.jpg 1500w, https:\/\/tocchini.com.br\/wp-content\/uploads\/2024\/06\/planejamento-patrimonial-e-sucessorio-tocchini-advogados-300x90.jpg 300w, https:\/\/tocchini.com.br\/wp-content\/uploads\/2024\/06\/planejamento-patrimonial-e-sucessorio-tocchini-advogados-1030x309.jpg 1030w, https:\/\/tocchini.com.br\/wp-content\/uploads\/2024\/06\/planejamento-patrimonial-e-sucessorio-tocchini-advogados-768x230.jpg 768w, https:\/\/tocchini.com.br\/wp-content\/uploads\/2024\/06\/planejamento-patrimonial-e-sucessorio-tocchini-advogados-705x212.jpg 705w\" sizes=\"auto, (max-width: 1500px) 100vw, 1500px\" \/><\/p>\n<hr \/>\n<div align=\"justify\">\n<p><strong>Planejamento Sucess\u00f3rio para Evitar Conflitos Familiares:<\/strong> Nossa abordagem ao planejamento sucess\u00f3rio \u00e9 profundamente influenciada pela capacidade de comunica\u00e7\u00e3o e de estabelecer conex\u00f5es genu\u00ednas. Entendemos que o planejamento sucess\u00f3rio n\u00e3o \u00e9 apenas uma quest\u00e3o de distribui\u00e7\u00e3o de bens, mas uma forma de preservar rela\u00e7\u00f5es familiares e legados. Gra\u00e7as \u00e0 uma vis\u00e3o estrat\u00e9gica, somos capazes de oferecer aos nossos clientes solu\u00e7\u00f5es personalizadas que refletem seus desejos e objetivos, minimizando o potencial para conflitos futuros. Isso pode incluir a cria\u00e7\u00e3o de estruturas complexas, como trusts e funda\u00e7\u00f5es, sempre com o intuito de proteger os interesses da fam\u00edlia e assegurar uma transi\u00e7\u00e3o patrimonial harmoniosa.<\/p>\n<p><strong>Elabora\u00e7\u00e3o de Testamentos, Invent\u00e1rios e Outros Documentos:\u00a0<\/strong><span style=\"font-weight: 400;\">A elabora\u00e7\u00e3o de testamentos e outros documentos sucess\u00f3rios, bem como a atua\u00e7\u00e3o em invent\u00e1rios s\u00e3o atividades com que nossos profissionais t\u00eam bastante familiaridade e enormemente experi\u00eancia. Nossa habilidade em transmitir confian\u00e7a e em se comunicar claramente \u00e9 fundamental para orientar nossos clientes atrav\u00e9s das nuances legais desses documentos, garantindo que suas vontades sejam expressas de maneira precisa e eficaz. Nosso escrit\u00f3rio se dedica a elaborar documentos jur\u00eddicos s\u00f3lidos, que resistam ao escrut\u00ednio legal e garantam a implementa\u00e7\u00e3o fiel das inten\u00e7\u00f5es do cliente, evitando ambiguidades que possam levar a disputas futuras.<\/span><\/p>\n<p><strong>Assessoria Jur\u00eddica em Quest\u00f5es de Heran\u00e7a:<\/strong> Nossa assessoria jur\u00eddica em quest\u00f5es de heran\u00e7a reflete a combina\u00e7\u00e3o da experi\u00eancia de mais de 16 anos com uma abordagem humana e estrat\u00e9gica. Entendemos que quest\u00f5es de heran\u00e7a podem ser emocionalmente carregadas e complexas, exigindo n\u00e3o apenas compet\u00eancia legal, mas tamb\u00e9m empatia e sensibilidade. Nosso escrit\u00f3rio est\u00e1 preparado para lidar com todas as etapas do processo sucess\u00f3rio, desde a an\u00e1lise da legisla\u00e7\u00e3o aplic\u00e1vel e dos documentos existentes at\u00e9 a representa\u00e7\u00e3o em negocia\u00e7\u00f5es e lit\u00edgios relacionados \u00e0 heran\u00e7a. Nosso objetivo \u00e9 garantir uma resolu\u00e7\u00e3o justa e eficiente dessas quest\u00f5es, sempre com um olhar atento \u00e0s din\u00e2micas familiares e aos desejos expressos pelo de cujus.<\/p>\n<\/div>\n<hr \/>\n<div  class='avia-button-wrap avia-button-center  avia-builder-el-0  avia-builder-el-no-sibling '>\n<style type=\"text\/css\" data-created_by=\"avia_inline_auto\" id=\"style-css-av-b74in-fa94bb896f9dd3adc43cf3648c5f786a\">\n#top #wrap_all .avia-button.av-b74in-fa94bb896f9dd3adc43cf3648c5f786a:hover{\ncolor:white;\ntransition:all 0.4s ease-in-out;\n}\n<\/style>\n<a href='https:\/\/tocchini.com.br\/index.php\/consulta-online\/' class='avia-color-theme-color avia-font-color-theme-color avia-button avia-button-fullwidth av-b74in-fa94bb896f9dd3adc43cf3648c5f786a avia-icon_select-yes-left-icon avia-color-theme-color'  target=\"_blank\"  rel=\"noopener noreferrer\" ><span class='avia_button_icon avia_button_icon_left' aria-hidden='true' data-av_icon='\ue832' data-av_iconfont='entypo-fontello'><\/span><span class='avia_iconbox_title' >FALE CONOSCO AGORA<\/span><span class='avia_button_background avia-button avia-button-fullwidth avia-color-theme-color-highlight'><\/span><\/a><\/div>\n","protected":false},"excerpt":{"rendered":"<p>Planejamento Sucess\u00f3rio para Evitar Conflitos Familiares: Nossa abordagem ao planejamento sucess\u00f3rio \u00e9 profundamente influenciada pela capacidade de comunica\u00e7\u00e3o e de estabelecer conex\u00f5es genu\u00ednas. Entendemos que o planejamento sucess\u00f3rio n\u00e3o \u00e9 apenas uma quest\u00e3o de distribui\u00e7\u00e3o de bens, mas uma forma de preservar rela\u00e7\u00f5es familiares e legados. Gra\u00e7as \u00e0 uma vis\u00e3o estrat\u00e9gica, somos capazes de oferecer [&hellip;]<\/p>\n","protected":false},"author":1,"featured_media":0,"parent":0,"menu_order":0,"comment_status":"closed","ping_status":"closed","template":"","meta":{"footnotes":""},"class_list":["post-235","page","type-page","status-publish","hentry"],"_links":{"self":[{"href":"https:\/\/tocchini.com.br\/index.php\/wp-json\/wp\/v2\/pages\/235","targetHints":{"allow":["GET"]}}],"collection":[{"href":"https:\/\/tocchini.com.br\/index.php\/wp-json\/wp\/v2\/pages"}],"about":[{"href":"https:\/\/tocchini.com.br\/index.php\/wp-json\/wp\/v2\/types\/page"}],"author":[{"embeddable":true,"href":"https:\/\/tocchini.com.br\/index.php\/wp-json\/wp\/v2\/users\/1"}],"replies":[{"embeddable":true,"href":"https:\/\/tocchini.com.br\/index.php\/wp-json\/wp\/v2\/comments?post=235"}],"version-history":[{"count":4,"href":"https:\/\/tocchini.com.br\/index.php\/wp-json\/wp\/v2\/pages\/235\/revisions"}],"predecessor-version":[{"id":984,"href":"https:\/\/tocchini.com.br\/index.php\/wp-json\/wp\/v2\/pages\/235\/revisions\/984"}],"wp:attachment":[{"href":"https:\/\/tocchini.com.br\/index.php\/wp-json\/wp\/v2\/media?parent=235"}],"curies":[{"name":"wp","href":"https:\/\/api.w.org\/{rel}","templated":true}]}}